{"id":29001,"date":"2026-01-26T07:02:11","date_gmt":"2026-01-26T06:02:11","guid":{"rendered":"https:\/\/finquesargemi.com\/propiedades\/torre-de-lloguer-a-matadepera\/"},"modified":"2026-01-26T07:04:50","modified_gmt":"2026-01-26T06:04:50","slug":"torre-de-lloguer-a-matadepera","status":"publish","type":"property","link":"https:\/\/finquesargemi.com\/ca\/propiedades\/torre-de-lloguer-a-matadepera\/","title":{"rendered":"Torre de lloguer a Matadepera"},"content":{"rendered":"\n<p>Magn\u00edfica casa de lloguer situada a prop del centre; a 5 min. \u2026 amb cotxe del poble!<br\/>Distribu\u00efda de la seg\u00fcent manera:<br\/>Planta -1: Garatge per a 2 o 3 cotxes, menjador o sala d&#8217;estar amb xemeneia i celler, habitaci\u00f3 amb armaris de paret i un lavabo de cortesia.<br\/>Planta 0 o principal: Menjador sal\u00f3 amb xemeneia, espl\u00e8ndida cuina office, 3 dormitoris (2 habitacions i 1 habitaci\u00f3 suite amb bany i un altre bany complet amb plat de dutxa.<br\/>Planta 1: habitaci\u00f3 triple amb \u00e0mplia terrassa.<br\/>Finca amb molta lluminositat; envoltada de gespa i totalment enjardinada i en molt bon estat.<br\/>No deixeu escapar-la!<\/p>\n","protected":false},"excerpt":{"rendered":"<p>Magn\u00edfica casa de lloguer situada a prop del centre; a 5 min. \u2026 amb cotxe del poble!Distribu\u00efda de la seg\u00fcent manera:Planta -1: Garatge per a 2 o 3 cotxes, menjador o sala d&#8217;estar amb xemeneia i celler, habitaci\u00f3 amb armaris de paret i un lavabo de cortesia.Planta 0 o principal: Menjador sal\u00f3 amb xemeneia, espl\u00e8ndida [&hellip;]<\/p>\n","protected":false},"author":6,"featured_media":29000,"parent":0,"menu_order":0,"template":"","property_type":[302],"property_status":[268],"property_feature":[235,245,244,258],"property_label":[],"property_state":[230],"property_city":[229],"property_area":[278],"class_list":["post-29001","property","type-property","status-publish","has-post-thumbnail","hentry","property_type-casa-ca-2","property_status-lloguer","property_feature-aire-condicionat","property_feature-cuina-office","property_feature-llar-de-foc","property_feature-parquing-privat","property_state-barcelona-ca","property_city-matadepera-ca","property_area-can-sola-del-raco-ca"],"property_meta":{"houzez_featured_listing_date":[""],"_top_nav_excluded":[""],"_cms_nav_minihome":[""],"fave_property_price":["2500"],"fave_property_size":["312"],"fave_property_land":["851"],"fave_property_bedrooms":["4"],"fave_property_bathrooms":["3"],"fave_property_year":["2001"],"fave_property_id":["20968"],"fave_property_location":["25.68654,-80.431345,15"],"houzez_geolocation_lat":["25.68654"],"houzez_geolocation_long":["-80.431345"],"fave_property_map_street_view":["hide"],"fave_agent_display_option":["agency_info"],"fave_prop_homeslider":["no"],"_thumbnail_id":["29000"],"_last_translation_edit_mode":["native-editor"],"_wpml_word_count":["105"],"_edit_lock":["1769407506:6"],"_edit_last":["6"],"fave_property_map":["0"],"fave_property_images":["28979","28993","28978","28977","28980","28981","28987","28984","28991","28996","28985","28986","28990","28995","28994","28998","28992","28988","28982","28989","28983","28997","28976"],"cmplz_hide_cookiebanner":[""],"houzez_manual_expire":["0"],"_houzez_expiration_date_status":["saved"],"fave_featured":["0"],"fave_single_top_area":["global"],"fave_single_content_area":["global"],"_yoast_wpseo_primary_property_type":["302"],"_yoast_wpseo_primary_property_status":["268"],"_yoast_wpseo_primary_property_feature":["258"],"_yoast_wpseo_primary_property_label":[""],"_yoast_wpseo_primary_property_state":["230"],"_yoast_wpseo_primary_property_city":["229"],"_yoast_wpseo_primary_property_area":["278"],"_yoast_wpseo_content_score":["90"],"_yoast_wpseo_estimated-reading-time-minutes":["1"],"houzez_total_property_views":["8"],"houzez_views_by_date":["a:7:{s:10:\"01-26-2026\";i:1;s:10:\"02-09-2026\";i:1;s:10:\"02-12-2026\";i:2;s:10:\"02-24-2026\";i:1;s:10:\"04-02-2026\";i:1;s:10:\"04-14-2026\";i:1;s:10:\"04-20-2026\";i:1;}"],"houzez_recently_viewed":["2026-04-20 09:48:48"],"_elementor_page_assets":["a:0:{}"]},"yoast_head":"<!-- This site is optimized with the Yoast SEO plugin v27.4 - https:\/\/yoast.com\/product\/yoast-seo-wordpress\/ -->\n<title>Torre de lloguer a Matadepera - Finques Argem\u00ed<\/title>\n<meta name=\"robots\" content=\"index, follow, max-snippet:-1, max-image-preview:large, max-video-preview:-1\" \/>\n<link rel=\"canonical\" href=\"https:\/\/finquesargemi.com\/ca\/propiedades\/torre-de-lloguer-a-matadepera\/\" \/>\n<meta property=\"og:locale\" content=\"ca_ES\" \/>\n<meta property=\"og:type\" content=\"article\" \/>\n<meta property=\"og:title\" content=\"Torre de lloguer a Matadepera - Finques Argem\u00ed\" \/>\n<meta property=\"og:description\" content=\"Magn\u00edfica casa de lloguer situada a prop del centre; a 5 min. \u2026 amb cotxe del poble!Distribu\u00efda de la seg\u00fcent manera:Planta -1: Garatge per a 2 o 3 cotxes, menjador o sala d&#8217;estar amb xemeneia i celler, habitaci\u00f3 amb armaris de paret i un lavabo de cortesia.Planta 0 o principal: Menjador sal\u00f3 amb xemeneia, espl\u00e8ndida [&hellip;]\" \/>\n<meta property=\"og:url\" content=\"https:\/\/finquesargemi.com\/ca\/propiedades\/torre-de-lloguer-a-matadepera\/\" \/>\n<meta property=\"og:site_name\" content=\"Finques Argem\u00ed\" \/>\n<meta property=\"article:modified_time\" content=\"2026-01-26T06:04:50+00:00\" \/>\n<meta property=\"og:image\" content=\"https:\/\/finquesargemi.com\/wp-content\/uploads\/2026\/01\/209681110_58400057714_2_20251017220014033.webp\" \/>\n\t<meta property=\"og:image:width\" content=\"1280\" \/>\n\t<meta property=\"og:image:height\" content=\"960\" \/>\n\t<meta property=\"og:image:type\" content=\"image\/jpeg\" \/>\n<meta name=\"twitter:card\" content=\"summary_large_image\" \/>\n<script type=\"application\/ld+json\" class=\"yoast-schema-graph\">{\"@context\":\"https:\\\/\\\/schema.org\",\"@graph\":[{\"@type\":\"WebPage\",\"@id\":\"https:\\\/\\\/finquesargemi.com\\\/ca\\\/propiedades\\\/torre-de-lloguer-a-matadepera\\\/\",\"url\":\"https:\\\/\\\/finquesargemi.com\\\/ca\\\/propiedades\\\/torre-de-lloguer-a-matadepera\\\/\",\"name\":\"Torre de lloguer a Matadepera - Finques Argem\u00ed\",\"isPartOf\":{\"@id\":\"https:\\\/\\\/finquesargemi.com\\\/ca\\\/#website\"},\"primaryImageOfPage\":{\"@id\":\"https:\\\/\\\/finquesargemi.com\\\/ca\\\/propiedades\\\/torre-de-lloguer-a-matadepera\\\/#primaryimage\"},\"image\":{\"@id\":\"https:\\\/\\\/finquesargemi.com\\\/ca\\\/propiedades\\\/torre-de-lloguer-a-matadepera\\\/#primaryimage\"},\"thumbnailUrl\":\"https:\\\/\\\/finquesargemi.com\\\/wp-content\\\/uploads\\\/2026\\\/01\\\/209681110_58400057714_2_20251017220014033.webp\",\"datePublished\":\"2026-01-26T06:02:11+00:00\",\"dateModified\":\"2026-01-26T06:04:50+00:00\",\"breadcrumb\":{\"@id\":\"https:\\\/\\\/finquesargemi.com\\\/ca\\\/propiedades\\\/torre-de-lloguer-a-matadepera\\\/#breadcrumb\"},\"inLanguage\":\"ca\",\"potentialAction\":[{\"@type\":\"ReadAction\",\"target\":[\"https:\\\/\\\/finquesargemi.com\\\/ca\\\/propiedades\\\/torre-de-lloguer-a-matadepera\\\/\"]}]},{\"@type\":\"ImageObject\",\"inLanguage\":\"ca\",\"@id\":\"https:\\\/\\\/finquesargemi.com\\\/ca\\\/propiedades\\\/torre-de-lloguer-a-matadepera\\\/#primaryimage\",\"url\":\"https:\\\/\\\/finquesargemi.com\\\/wp-content\\\/uploads\\\/2026\\\/01\\\/209681110_58400057714_2_20251017220014033.webp\",\"contentUrl\":\"https:\\\/\\\/finquesargemi.com\\\/wp-content\\\/uploads\\\/2026\\\/01\\\/209681110_58400057714_2_20251017220014033.webp\",\"width\":1280,\"height\":960},{\"@type\":\"BreadcrumbList\",\"@id\":\"https:\\\/\\\/finquesargemi.com\\\/ca\\\/propiedades\\\/torre-de-lloguer-a-matadepera\\\/#breadcrumb\",\"itemListElement\":[{\"@type\":\"ListItem\",\"position\":1,\"name\":\"Portada\",\"item\":\"https:\\\/\\\/finquesargemi.com\\\/ca\\\/\"},{\"@type\":\"ListItem\",\"position\":2,\"name\":\"Properties\",\"item\":\"https:\\\/\\\/finquesargemi.com\\\/ca\\\/propiedades\\\/\"},{\"@type\":\"ListItem\",\"position\":3,\"name\":\"Torre de lloguer a Matadepera\"}]},{\"@type\":\"WebSite\",\"@id\":\"https:\\\/\\\/finquesargemi.com\\\/ca\\\/#website\",\"url\":\"https:\\\/\\\/finquesargemi.com\\\/ca\\\/\",\"name\":\"Finques Argem\u00ed\",\"description\":\"\",\"potentialAction\":[{\"@type\":\"SearchAction\",\"target\":{\"@type\":\"EntryPoint\",\"urlTemplate\":\"https:\\\/\\\/finquesargemi.com\\\/ca\\\/?s={search_term_string}\"},\"query-input\":{\"@type\":\"PropertyValueSpecification\",\"valueRequired\":true,\"valueName\":\"search_term_string\"}}],\"inLanguage\":\"ca\"}]}<\/script>\n<!-- \/ Yoast SEO plugin. -->","yoast_head_json":{"title":"Torre de lloguer a Matadepera - Finques Argem\u00ed","robots":{"index":"index","follow":"follow","max-snippet":"max-snippet:-1","max-image-preview":"max-image-preview:large","max-video-preview":"max-video-preview:-1"},"canonical":"https:\/\/finquesargemi.com\/ca\/propiedades\/torre-de-lloguer-a-matadepera\/","og_locale":"ca_ES","og_type":"article","og_title":"Torre de lloguer a Matadepera - Finques Argem\u00ed","og_description":"Magn\u00edfica casa de lloguer situada a prop del centre; a 5 min. \u2026 amb cotxe del poble!Distribu\u00efda de la seg\u00fcent manera:Planta -1: Garatge per a 2 o 3 cotxes, menjador o sala d&#8217;estar amb xemeneia i celler, habitaci\u00f3 amb armaris de paret i un lavabo de cortesia.Planta 0 o principal: Menjador sal\u00f3 amb xemeneia, espl\u00e8ndida [&hellip;]","og_url":"https:\/\/finquesargemi.com\/ca\/propiedades\/torre-de-lloguer-a-matadepera\/","og_site_name":"Finques Argem\u00ed","article_modified_time":"2026-01-26T06:04:50+00:00","og_image":[{"width":1280,"height":960,"url":"https:\/\/finquesargemi.com\/wp-content\/uploads\/2026\/01\/209681110_58400057714_2_20251017220014033.webp","type":"image\/jpeg"}],"twitter_card":"summary_large_image","schema":{"@context":"https:\/\/schema.org","@graph":[{"@type":"WebPage","@id":"https:\/\/finquesargemi.com\/ca\/propiedades\/torre-de-lloguer-a-matadepera\/","url":"https:\/\/finquesargemi.com\/ca\/propiedades\/torre-de-lloguer-a-matadepera\/","name":"Torre de lloguer a Matadepera - Finques Argem\u00ed","isPartOf":{"@id":"https:\/\/finquesargemi.com\/ca\/#website"},"primaryImageOfPage":{"@id":"https:\/\/finquesargemi.com\/ca\/propiedades\/torre-de-lloguer-a-matadepera\/#primaryimage"},"image":{"@id":"https:\/\/finquesargemi.com\/ca\/propiedades\/torre-de-lloguer-a-matadepera\/#primaryimage"},"thumbnailUrl":"https:\/\/finquesargemi.com\/wp-content\/uploads\/2026\/01\/209681110_58400057714_2_20251017220014033.webp","datePublished":"2026-01-26T06:02:11+00:00","dateModified":"2026-01-26T06:04:50+00:00","breadcrumb":{"@id":"https:\/\/finquesargemi.com\/ca\/propiedades\/torre-de-lloguer-a-matadepera\/#breadcrumb"},"inLanguage":"ca","potentialAction":[{"@type":"ReadAction","target":["https:\/\/finquesargemi.com\/ca\/propiedades\/torre-de-lloguer-a-matadepera\/"]}]},{"@type":"ImageObject","inLanguage":"ca","@id":"https:\/\/finquesargemi.com\/ca\/propiedades\/torre-de-lloguer-a-matadepera\/#primaryimage","url":"https:\/\/finquesargemi.com\/wp-content\/uploads\/2026\/01\/209681110_58400057714_2_20251017220014033.webp","contentUrl":"https:\/\/finquesargemi.com\/wp-content\/uploads\/2026\/01\/209681110_58400057714_2_20251017220014033.webp","width":1280,"height":960},{"@type":"BreadcrumbList","@id":"https:\/\/finquesargemi.com\/ca\/propiedades\/torre-de-lloguer-a-matadepera\/#breadcrumb","itemListElement":[{"@type":"ListItem","position":1,"name":"Portada","item":"https:\/\/finquesargemi.com\/ca\/"},{"@type":"ListItem","position":2,"name":"Properties","item":"https:\/\/finquesargemi.com\/ca\/propiedades\/"},{"@type":"ListItem","position":3,"name":"Torre de lloguer a Matadepera"}]},{"@type":"WebSite","@id":"https:\/\/finquesargemi.com\/ca\/#website","url":"https:\/\/finquesargemi.com\/ca\/","name":"Finques Argem\u00ed","description":"","potentialAction":[{"@type":"SearchAction","target":{"@type":"EntryPoint","urlTemplate":"https:\/\/finquesargemi.com\/ca\/?s={search_term_string}"},"query-input":{"@type":"PropertyValueSpecification","valueRequired":true,"valueName":"search_term_string"}}],"inLanguage":"ca"}]}},"_links":{"self":[{"href":"https:\/\/finquesargemi.com\/ca\/wp-json\/wp\/v2\/properties\/29001","targetHints":{"allow":["GET"]}}],"collection":[{"href":"https:\/\/finquesargemi.com\/ca\/wp-json\/wp\/v2\/properties"}],"about":[{"href":"https:\/\/finquesargemi.com\/ca\/wp-json\/wp\/v2\/types\/property"}],"author":[{"embeddable":true,"href":"https:\/\/finquesargemi.com\/ca\/wp-json\/wp\/v2\/users\/6"}],"version-history":[{"count":1,"href":"https:\/\/finquesargemi.com\/ca\/wp-json\/wp\/v2\/properties\/29001\/revisions"}],"predecessor-version":[{"id":29024,"href":"https:\/\/finquesargemi.com\/ca\/wp-json\/wp\/v2\/properties\/29001\/revisions\/29024"}],"wp:featuredmedia":[{"embeddable":true,"href":"https:\/\/finquesargemi.com\/ca\/wp-json\/wp\/v2\/media\/29000"}],"wp:attachment":[{"href":"https:\/\/finquesargemi.com\/ca\/wp-json\/wp\/v2\/media?parent=29001"}],"wp:term":[{"taxonomy":"property_type","embeddable":true,"href":"https:\/\/finquesargemi.com\/ca\/wp-json\/wp\/v2\/property_type?post=29001"},{"taxonomy":"property_status","embeddable":true,"href":"https:\/\/finquesargemi.com\/ca\/wp-json\/wp\/v2\/property_status?post=29001"},{"taxonomy":"property_feature","embeddable":true,"href":"https:\/\/finquesargemi.com\/ca\/wp-json\/wp\/v2\/property_feature?post=29001"},{"taxonomy":"property_label","embeddable":true,"href":"https:\/\/finquesargemi.com\/ca\/wp-json\/wp\/v2\/property_label?post=29001"},{"taxonomy":"property_state","embeddable":true,"href":"https:\/\/finquesargemi.com\/ca\/wp-json\/wp\/v2\/property_state?post=29001"},{"taxonomy":"property_city","embeddable":true,"href":"https:\/\/finquesargemi.com\/ca\/wp-json\/wp\/v2\/property_city?post=29001"},{"taxonomy":"property_area","embeddable":true,"href":"https:\/\/finquesargemi.com\/ca\/wp-json\/wp\/v2\/property_area?post=29001"}],"curies":[{"name":"wp","href":"https:\/\/api.w.org\/{rel}","templated":true}]}}

<p>Magnífica casa de lloguer situada a prop del centre; a 5 min. … amb cotxe del poble!<br/>Distribuïda de la següent manera:<br/>Planta -1: Garatge per a 2 o 3 cotxes, menjador o sala d&#8217;estar amb xemeneia i celler, habitació amb armaris de paret i un lavabo de cortesia.<br/>Planta 0 o principal: Menjador saló amb xemeneia, esplèndida cuina office, 3 dormitoris (2 habitacions i 1 habitació suite amb bany i un altre bany complet amb plat de dutxa.<br/>Planta 1: habitació triple amb àmplia terrassa.<br/>Finca amb molta lluminositat; envoltada de gespa i totalment enjardinada i en molt bon estat.<br/>No deixeu escapar-la!</p>

<p>Magnífica casa de lloguer situada a prop del centre; a 5 min. … amb cotxe del poble!Distribuïda de la següent manera:Planta -1: Garatge per a 2 o 3 cotxes, menjador o sala d&#8217;estar amb xemeneia i celler, habitació amb armaris de paret i un lavabo de cortesia.Planta 0 o principal: Menjador saló amb xemeneia, esplèndida [&hellip;]</p>

<!-- This site is optimized with the Yoast SEO plugin v27.4 - https://yoast.com/product/yoast-seo-wordpress/ -->
<title>Torre de lloguer a Matadepera - Finques Argemí</title>
<meta name="robots" content="index, follow, max-snippet:-1, max-image-preview:large, max-video-preview:-1" />
<link rel="canonical" href="https://finquesargemi.com/ca/propiedades/torre-de-lloguer-a-matadepera/" />
<meta property="og:locale" content="ca_ES" />
<meta property="og:type" content="article" />
<meta property="og:title" content="Torre de lloguer a Matadepera - Finques Argemí" />
<meta property="og:description" content="Magnífica casa de lloguer situada a prop del centre; a 5 min. … amb cotxe del poble!Distribuïda de la següent manera:Planta -1: Garatge per a 2 o 3 cotxes, menjador o sala d&#8217;estar amb xemeneia i celler, habitació amb armaris de paret i un lavabo de cortesia.Planta 0 o principal: Menjador saló amb xemeneia, esplèndida [&hellip;]" />
<meta property="og:url" content="https://finquesargemi.com/ca/propiedades/torre-de-lloguer-a-matadepera/" />
<meta property="og:site_name" content="Finques Argemí" />
<meta property="article:modified_time" content="2026-01-26T06:04:50+00:00" />
<meta property="og:image" content="https://finquesargemi.com/wp-content/uploads/2026/01/209681110_58400057714_2_20251017220014033.webp" />
	<meta property="og:image:width" content="1280" />
	<meta property="og:image:height" content="960" />
	<meta property="og:image:type" content="image/jpeg" />
<meta name="twitter:card" content="summary_large_image" />
<script type="application/ld+json" class="yoast-schema-graph">{"@context":"https:\/\/schema.org","@graph":[{"@type":"WebPage","@id":"https:\/\/finquesargemi.com\/ca\/propiedades\/torre-de-lloguer-a-matadepera\/","url":"https:\/\/finquesargemi.com\/ca\/propiedades\/torre-de-lloguer-a-matadepera\/","name":"Torre de lloguer a Matadepera - Finques Argemí","isPartOf":{"@id":"https:\/\/finquesargemi.com\/ca\/#website"},"primaryImageOfPage":{"@id":"https:\/\/finquesargemi.com\/ca\/propiedades\/torre-de-lloguer-a-matadepera\/#primaryimage"},"image":{"@id":"https:\/\/finquesargemi.com\/ca\/propiedades\/torre-de-lloguer-a-matadepera\/#primaryimage"},"thumbnailUrl":"https:\/\/finquesargemi.com\/wp-content\/uploads\/2026\/01\/209681110_58400057714_2_20251017220014033.webp","datePublished":"2026-01-26T06:02:11+00:00","dateModified":"2026-01-26T06:04:50+00:00","breadcrumb":{"@id":"https:\/\/finquesargemi.com\/ca\/propiedades\/torre-de-lloguer-a-matadepera\/#breadcrumb"},"inLanguage":"ca","potentialAction":[{"@type":"ReadAction","target":["https:\/\/finquesargemi.com\/ca\/propiedades\/torre-de-lloguer-a-matadepera\/"]}]},{"@type":"ImageObject","inLanguage":"ca","@id":"https:\/\/finquesargemi.com\/ca\/propiedades\/torre-de-lloguer-a-matadepera\/#primaryimage","url":"https:\/\/finquesargemi.com\/wp-content\/uploads\/2026\/01\/209681110_58400057714_2_20251017220014033.webp","contentUrl":"https:\/\/finquesargemi.com\/wp-content\/uploads\/2026\/01\/209681110_58400057714_2_20251017220014033.webp","width":1280,"height":960},{"@type":"BreadcrumbList","@id":"https:\/\/finquesargemi.com\/ca\/propiedades\/torre-de-lloguer-a-matadepera\/#breadcrumb","itemListElement":[{"@type":"ListItem","position":1,"name":"Portada","item":"https:\/\/finquesargemi.com\/ca\/"},{"@type":"ListItem","position":2,"name":"Properties","item":"https:\/\/finquesargemi.com\/ca\/propiedades\/"},{"@type":"ListItem","position":3,"name":"Torre de lloguer a Matadepera"}]},{"@type":"WebSite","@id":"https:\/\/finquesargemi.com\/ca\/#website","url":"https:\/\/finquesargemi.com\/ca\/","name":"Finques Argemí","description":"","potentialAction":[{"@type":"SearchAction","target":{"@type":"EntryPoint","urlTemplate":"https:\/\/finquesargemi.com\/ca\/?s={search_term_string}"},"query-input":{"@type":"PropertyValueSpecification","valueRequired":true,"valueName":"search_term_string"}}],"inLanguage":"ca"}]}</script>
<!-- / Yoast SEO plugin. -->

Torre de lloguer a Matadepera - Finques Argemí

Magnífica casa de lloguer situada a prop del centre; a 5 min. … amb cotxe del poble!Distribuïda de la següent manera:Planta -1: Garatge per a 2 o 3 cotxes, menjador o sala d&#8217;estar amb xemeneia i celler, habitació amb armaris de paret i un lavabo de cortesia.Planta 0 o principal: Menjador saló amb xemeneia, esplèndida [&hellip;]

Finques Argemí
