{"id":28562,"date":"2025-10-20T08:00:35","date_gmt":"2025-10-20T06:00:35","guid":{"rendered":"https:\/\/finquesargemi.com\/propiedades\/parcella-plana-a-cavall-bernat\/"},"modified":"2025-12-09T17:29:41","modified_gmt":"2025-12-09T16:29:41","slug":"parcella-plana-a-cavall-bernat","status":"publish","type":"property","link":"https:\/\/finquesargemi.com\/ca\/propiedades\/parcella-plana-a-cavall-bernat\/","title":{"rendered":"Parcel\u00b7la plana a Cavall Bernat"},"content":{"rendered":"\n<p>Finques Argem\u00ed comercialitza parcel\u00b7la totalment plana a la zona de Cavall Bernat.<br\/>T\u00e9 una superf\u00edcie total de 1.030m2, fa\u00e7ana de 33m i amb una edificabilitat de 412m2 i una ocupaci\u00f3 de 360m2.<\/p>\n","protected":false},"excerpt":{"rendered":"<p>Finques Argem\u00ed comercialitza parcel\u00b7la totalment plana a la zona de Cavall Bernat.T\u00e9 una superf\u00edcie total de 1.030m2, fa\u00e7ana de 33m i amb una edificabilitat de 412m2 i una ocupaci\u00f3 de 360m2.<\/p>\n","protected":false},"author":6,"featured_media":28561,"parent":0,"menu_order":0,"template":"","property_type":[232],"property_status":[231],"property_feature":[],"property_label":[],"property_state":[230],"property_city":[229],"property_area":[228],"class_list":["post-28562","property","type-property","status-publish","has-post-thumbnail","hentry","property_type-terreny","property_status-venda","property_state-barcelona-ca","property_city-matadepera-ca","property_area-cavall-bernat-ca"],"property_meta":{"houzez_featured_listing_date":[""],"_top_nav_excluded":[""],"_cms_nav_minihome":[""],"fave_property_price":["290000"],"fave_property_land":["1030"],"fave_property_id":["20956"],"fave_property_location":["25.68654,-80.431345,15"],"houzez_geolocation_lat":["25.68654"],"houzez_geolocation_long":["-80.431345"],"fave_property_map_street_view":["hide"],"fave_agent_display_option":["agency_info"],"fave_prop_homeslider":["no"],"_thumbnail_id":["28561"],"_last_translation_edit_mode":["native-editor"],"_wpml_word_count":["36"],"houzez_total_property_views":["20"],"houzez_views_by_date":["a:18:{s:10:\"10-20-2025\";i:2;s:10:\"10-26-2025\";i:1;s:10:\"11-06-2025\";i:1;s:10:\"11-12-2025\";i:1;s:10:\"11-20-2025\";i:1;s:10:\"11-26-2025\";i:1;s:10:\"12-15-2025\";i:1;s:10:\"12-29-2025\";i:1;s:10:\"01-08-2026\";i:1;s:10:\"01-11-2026\";i:1;s:10:\"01-25-2026\";i:1;s:10:\"01-26-2026\";i:1;s:10:\"02-09-2026\";i:1;s:10:\"02-12-2026\";i:1;s:10:\"02-24-2026\";i:1;s:10:\"04-05-2026\";i:1;s:10:\"04-12-2026\";i:1;s:10:\"04-15-2026\";i:2;}"],"houzez_recently_viewed":["2026-04-15 19:07:39"],"_edit_lock":["1765297787:6"],"_edit_last":["6"],"fave_property_map":["0"],"fave_property_images":["28558","28551","28552","28553","28554","28555","28556","28557","28559"],"cmplz_hide_cookiebanner":[""],"houzez_manual_expire":["0"],"_houzez_expiration_date_status":["saved"],"fave_featured":["0"],"fave_single_top_area":["global"],"fave_single_content_area":["global"],"_yoast_wpseo_primary_property_type":["232"],"_yoast_wpseo_primary_property_status":["231"],"_yoast_wpseo_primary_property_feature":[""],"_yoast_wpseo_primary_property_label":[""],"_yoast_wpseo_primary_property_state":["230"],"_yoast_wpseo_primary_property_city":["229"],"_yoast_wpseo_primary_property_area":["228"],"_yoast_wpseo_content_score":["90"],"_yoast_wpseo_estimated-reading-time-minutes":["1"],"_elementor_page_assets":["a:0:{}"]},"yoast_head":"<!-- This site is optimized with the Yoast SEO plugin v27.4 - https:\/\/yoast.com\/product\/yoast-seo-wordpress\/ -->\n<title>Parcel\u00b7la plana a Cavall Bernat - Finques Argem\u00ed<\/title>\n<meta name=\"robots\" content=\"index, follow, max-snippet:-1, max-image-preview:large, max-video-preview:-1\" \/>\n<link rel=\"canonical\" href=\"https:\/\/finquesargemi.com\/ca\/propiedades\/parcella-plana-a-cavall-bernat\/\" \/>\n<meta property=\"og:locale\" content=\"ca_ES\" \/>\n<meta property=\"og:type\" content=\"article\" \/>\n<meta property=\"og:title\" content=\"Parcel\u00b7la plana a Cavall Bernat - Finques Argem\u00ed\" \/>\n<meta property=\"og:description\" content=\"Finques Argem\u00ed comercialitza parcel\u00b7la totalment plana a la zona de Cavall Bernat.T\u00e9 una superf\u00edcie total de 1.030m2, fa\u00e7ana de 33m i amb una edificabilitat de 412m2 i una ocupaci\u00f3 de 360m2.\" \/>\n<meta property=\"og:url\" content=\"https:\/\/finquesargemi.com\/ca\/propiedades\/parcella-plana-a-cavall-bernat\/\" \/>\n<meta property=\"og:site_name\" content=\"Finques Argem\u00ed\" \/>\n<meta property=\"article:modified_time\" content=\"2025-12-09T16:29:41+00:00\" \/>\n<meta property=\"og:image\" content=\"https:\/\/finquesargemi.com\/wp-content\/uploads\/2025\/10\/20956image007.webp\" \/>\n\t<meta property=\"og:image:width\" content=\"1000\" \/>\n\t<meta property=\"og:image:height\" content=\"667\" \/>\n\t<meta property=\"og:image:type\" content=\"image\/jpeg\" \/>\n<meta name=\"twitter:card\" content=\"summary_large_image\" \/>\n<script type=\"application\/ld+json\" class=\"yoast-schema-graph\">{\"@context\":\"https:\\\/\\\/schema.org\",\"@graph\":[{\"@type\":\"WebPage\",\"@id\":\"https:\\\/\\\/finquesargemi.com\\\/ca\\\/propiedades\\\/parcella-plana-a-cavall-bernat\\\/\",\"url\":\"https:\\\/\\\/finquesargemi.com\\\/ca\\\/propiedades\\\/parcella-plana-a-cavall-bernat\\\/\",\"name\":\"Parcel\u00b7la plana a Cavall Bernat - Finques Argem\u00ed\",\"isPartOf\":{\"@id\":\"https:\\\/\\\/finquesargemi.com\\\/ca\\\/#website\"},\"primaryImageOfPage\":{\"@id\":\"https:\\\/\\\/finquesargemi.com\\\/ca\\\/propiedades\\\/parcella-plana-a-cavall-bernat\\\/#primaryimage\"},\"image\":{\"@id\":\"https:\\\/\\\/finquesargemi.com\\\/ca\\\/propiedades\\\/parcella-plana-a-cavall-bernat\\\/#primaryimage\"},\"thumbnailUrl\":\"https:\\\/\\\/finquesargemi.com\\\/wp-content\\\/uploads\\\/2025\\\/10\\\/20956image007.webp\",\"datePublished\":\"2025-10-20T06:00:35+00:00\",\"dateModified\":\"2025-12-09T16:29:41+00:00\",\"breadcrumb\":{\"@id\":\"https:\\\/\\\/finquesargemi.com\\\/ca\\\/propiedades\\\/parcella-plana-a-cavall-bernat\\\/#breadcrumb\"},\"inLanguage\":\"ca\",\"potentialAction\":[{\"@type\":\"ReadAction\",\"target\":[\"https:\\\/\\\/finquesargemi.com\\\/ca\\\/propiedades\\\/parcella-plana-a-cavall-bernat\\\/\"]}]},{\"@type\":\"ImageObject\",\"inLanguage\":\"ca\",\"@id\":\"https:\\\/\\\/finquesargemi.com\\\/ca\\\/propiedades\\\/parcella-plana-a-cavall-bernat\\\/#primaryimage\",\"url\":\"https:\\\/\\\/finquesargemi.com\\\/wp-content\\\/uploads\\\/2025\\\/10\\\/20956image007.webp\",\"contentUrl\":\"https:\\\/\\\/finquesargemi.com\\\/wp-content\\\/uploads\\\/2025\\\/10\\\/20956image007.webp\",\"width\":1000,\"height\":667},{\"@type\":\"BreadcrumbList\",\"@id\":\"https:\\\/\\\/finquesargemi.com\\\/ca\\\/propiedades\\\/parcella-plana-a-cavall-bernat\\\/#breadcrumb\",\"itemListElement\":[{\"@type\":\"ListItem\",\"position\":1,\"name\":\"Portada\",\"item\":\"https:\\\/\\\/finquesargemi.com\\\/ca\\\/\"},{\"@type\":\"ListItem\",\"position\":2,\"name\":\"Properties\",\"item\":\"https:\\\/\\\/finquesargemi.com\\\/ca\\\/propiedades\\\/\"},{\"@type\":\"ListItem\",\"position\":3,\"name\":\"Parcel\u00b7la plana a Cavall Bernat\"}]},{\"@type\":\"WebSite\",\"@id\":\"https:\\\/\\\/finquesargemi.com\\\/ca\\\/#website\",\"url\":\"https:\\\/\\\/finquesargemi.com\\\/ca\\\/\",\"name\":\"Finques Argem\u00ed\",\"description\":\"\",\"potentialAction\":[{\"@type\":\"SearchAction\",\"target\":{\"@type\":\"EntryPoint\",\"urlTemplate\":\"https:\\\/\\\/finquesargemi.com\\\/ca\\\/?s={search_term_string}\"},\"query-input\":{\"@type\":\"PropertyValueSpecification\",\"valueRequired\":true,\"valueName\":\"search_term_string\"}}],\"inLanguage\":\"ca\"}]}<\/script>\n<!-- \/ Yoast SEO plugin. -->","yoast_head_json":{"title":"Parcel\u00b7la plana a Cavall Bernat - Finques Argem\u00ed","robots":{"index":"index","follow":"follow","max-snippet":"max-snippet:-1","max-image-preview":"max-image-preview:large","max-video-preview":"max-video-preview:-1"},"canonical":"https:\/\/finquesargemi.com\/ca\/propiedades\/parcella-plana-a-cavall-bernat\/","og_locale":"ca_ES","og_type":"article","og_title":"Parcel\u00b7la plana a Cavall Bernat - Finques Argem\u00ed","og_description":"Finques Argem\u00ed comercialitza parcel\u00b7la totalment plana a la zona de Cavall Bernat.T\u00e9 una superf\u00edcie total de 1.030m2, fa\u00e7ana de 33m i amb una edificabilitat de 412m2 i una ocupaci\u00f3 de 360m2.","og_url":"https:\/\/finquesargemi.com\/ca\/propiedades\/parcella-plana-a-cavall-bernat\/","og_site_name":"Finques Argem\u00ed","article_modified_time":"2025-12-09T16:29:41+00:00","og_image":[{"width":1000,"height":667,"url":"https:\/\/finquesargemi.com\/wp-content\/uploads\/2025\/10\/20956image007.webp","type":"image\/jpeg"}],"twitter_card":"summary_large_image","schema":{"@context":"https:\/\/schema.org","@graph":[{"@type":"WebPage","@id":"https:\/\/finquesargemi.com\/ca\/propiedades\/parcella-plana-a-cavall-bernat\/","url":"https:\/\/finquesargemi.com\/ca\/propiedades\/parcella-plana-a-cavall-bernat\/","name":"Parcel\u00b7la plana a Cavall Bernat - Finques Argem\u00ed","isPartOf":{"@id":"https:\/\/finquesargemi.com\/ca\/#website"},"primaryImageOfPage":{"@id":"https:\/\/finquesargemi.com\/ca\/propiedades\/parcella-plana-a-cavall-bernat\/#primaryimage"},"image":{"@id":"https:\/\/finquesargemi.com\/ca\/propiedades\/parcella-plana-a-cavall-bernat\/#primaryimage"},"thumbnailUrl":"https:\/\/finquesargemi.com\/wp-content\/uploads\/2025\/10\/20956image007.webp","datePublished":"2025-10-20T06:00:35+00:00","dateModified":"2025-12-09T16:29:41+00:00","breadcrumb":{"@id":"https:\/\/finquesargemi.com\/ca\/propiedades\/parcella-plana-a-cavall-bernat\/#breadcrumb"},"inLanguage":"ca","potentialAction":[{"@type":"ReadAction","target":["https:\/\/finquesargemi.com\/ca\/propiedades\/parcella-plana-a-cavall-bernat\/"]}]},{"@type":"ImageObject","inLanguage":"ca","@id":"https:\/\/finquesargemi.com\/ca\/propiedades\/parcella-plana-a-cavall-bernat\/#primaryimage","url":"https:\/\/finquesargemi.com\/wp-content\/uploads\/2025\/10\/20956image007.webp","contentUrl":"https:\/\/finquesargemi.com\/wp-content\/uploads\/2025\/10\/20956image007.webp","width":1000,"height":667},{"@type":"BreadcrumbList","@id":"https:\/\/finquesargemi.com\/ca\/propiedades\/parcella-plana-a-cavall-bernat\/#breadcrumb","itemListElement":[{"@type":"ListItem","position":1,"name":"Portada","item":"https:\/\/finquesargemi.com\/ca\/"},{"@type":"ListItem","position":2,"name":"Properties","item":"https:\/\/finquesargemi.com\/ca\/propiedades\/"},{"@type":"ListItem","position":3,"name":"Parcel\u00b7la plana a Cavall Bernat"}]},{"@type":"WebSite","@id":"https:\/\/finquesargemi.com\/ca\/#website","url":"https:\/\/finquesargemi.com\/ca\/","name":"Finques Argem\u00ed","description":"","potentialAction":[{"@type":"SearchAction","target":{"@type":"EntryPoint","urlTemplate":"https:\/\/finquesargemi.com\/ca\/?s={search_term_string}"},"query-input":{"@type":"PropertyValueSpecification","valueRequired":true,"valueName":"search_term_string"}}],"inLanguage":"ca"}]}},"_links":{"self":[{"href":"https:\/\/finquesargemi.com\/ca\/wp-json\/wp\/v2\/properties\/28562","targetHints":{"allow":["GET"]}}],"collection":[{"href":"https:\/\/finquesargemi.com\/ca\/wp-json\/wp\/v2\/properties"}],"about":[{"href":"https:\/\/finquesargemi.com\/ca\/wp-json\/wp\/v2\/types\/property"}],"author":[{"embeddable":true,"href":"https:\/\/finquesargemi.com\/ca\/wp-json\/wp\/v2\/users\/6"}],"version-history":[{"count":1,"href":"https:\/\/finquesargemi.com\/ca\/wp-json\/wp\/v2\/properties\/28562\/revisions"}],"predecessor-version":[{"id":28571,"href":"https:\/\/finquesargemi.com\/ca\/wp-json\/wp\/v2\/properties\/28562\/revisions\/28571"}],"wp:featuredmedia":[{"embeddable":true,"href":"https:\/\/finquesargemi.com\/ca\/wp-json\/wp\/v2\/media\/28561"}],"wp:attachment":[{"href":"https:\/\/finquesargemi.com\/ca\/wp-json\/wp\/v2\/media?parent=28562"}],"wp:term":[{"taxonomy":"property_type","embeddable":true,"href":"https:\/\/finquesargemi.com\/ca\/wp-json\/wp\/v2\/property_type?post=28562"},{"taxonomy":"property_status","embeddable":true,"href":"https:\/\/finquesargemi.com\/ca\/wp-json\/wp\/v2\/property_status?post=28562"},{"taxonomy":"property_feature","embeddable":true,"href":"https:\/\/finquesargemi.com\/ca\/wp-json\/wp\/v2\/property_feature?post=28562"},{"taxonomy":"property_label","embeddable":true,"href":"https:\/\/finquesargemi.com\/ca\/wp-json\/wp\/v2\/property_label?post=28562"},{"taxonomy":"property_state","embeddable":true,"href":"https:\/\/finquesargemi.com\/ca\/wp-json\/wp\/v2\/property_state?post=28562"},{"taxonomy":"property_city","embeddable":true,"href":"https:\/\/finquesargemi.com\/ca\/wp-json\/wp\/v2\/property_city?post=28562"},{"taxonomy":"property_area","embeddable":true,"href":"https:\/\/finquesargemi.com\/ca\/wp-json\/wp\/v2\/property_area?post=28562"}],"curies":[{"name":"wp","href":"https:\/\/api.w.org\/{rel}","templated":true}]}}

<p>Finques Argemí comercialitza parcel·la totalment plana a la zona de Cavall Bernat.<br/>Té una superfície total de 1.030m2, façana de 33m i amb una edificabilitat de 412m2 i una ocupació de 360m2.</p>

<p>Finques Argemí comercialitza parcel·la totalment plana a la zona de Cavall Bernat.Té una superfície total de 1.030m2, façana de 33m i amb una edificabilitat de 412m2 i una ocupació de 360m2.</p>

<!-- This site is optimized with the Yoast SEO plugin v27.4 - https://yoast.com/product/yoast-seo-wordpress/ -->
<title>Parcel·la plana a Cavall Bernat - Finques Argemí</title>
<meta name="robots" content="index, follow, max-snippet:-1, max-image-preview:large, max-video-preview:-1" />
<link rel="canonical" href="https://finquesargemi.com/ca/propiedades/parcella-plana-a-cavall-bernat/" />
<meta property="og:locale" content="ca_ES" />
<meta property="og:type" content="article" />
<meta property="og:title" content="Parcel·la plana a Cavall Bernat - Finques Argemí" />
<meta property="og:description" content="Finques Argemí comercialitza parcel·la totalment plana a la zona de Cavall Bernat.Té una superfície total de 1.030m2, façana de 33m i amb una edificabilitat de 412m2 i una ocupació de 360m2." />
<meta property="og:url" content="https://finquesargemi.com/ca/propiedades/parcella-plana-a-cavall-bernat/" />
<meta property="og:site_name" content="Finques Argemí" />
<meta property="article:modified_time" content="2025-12-09T16:29:41+00:00" />
<meta property="og:image" content="https://finquesargemi.com/wp-content/uploads/2025/10/20956image007.webp" />
	<meta property="og:image:width" content="1000" />
	<meta property="og:image:height" content="667" />
	<meta property="og:image:type" content="image/jpeg" />
<meta name="twitter:card" content="summary_large_image" />
<script type="application/ld+json" class="yoast-schema-graph">{"@context":"https:\/\/schema.org","@graph":[{"@type":"WebPage","@id":"https:\/\/finquesargemi.com\/ca\/propiedades\/parcella-plana-a-cavall-bernat\/","url":"https:\/\/finquesargemi.com\/ca\/propiedades\/parcella-plana-a-cavall-bernat\/","name":"Parcel·la plana a Cavall Bernat - Finques Argemí","isPartOf":{"@id":"https:\/\/finquesargemi.com\/ca\/#website"},"primaryImageOfPage":{"@id":"https:\/\/finquesargemi.com\/ca\/propiedades\/parcella-plana-a-cavall-bernat\/#primaryimage"},"image":{"@id":"https:\/\/finquesargemi.com\/ca\/propiedades\/parcella-plana-a-cavall-bernat\/#primaryimage"},"thumbnailUrl":"https:\/\/finquesargemi.com\/wp-content\/uploads\/2025\/10\/20956image007.webp","datePublished":"2025-10-20T06:00:35+00:00","dateModified":"2025-12-09T16:29:41+00:00","breadcrumb":{"@id":"https:\/\/finquesargemi.com\/ca\/propiedades\/parcella-plana-a-cavall-bernat\/#breadcrumb"},"inLanguage":"ca","potentialAction":[{"@type":"ReadAction","target":["https:\/\/finquesargemi.com\/ca\/propiedades\/parcella-plana-a-cavall-bernat\/"]}]},{"@type":"ImageObject","inLanguage":"ca","@id":"https:\/\/finquesargemi.com\/ca\/propiedades\/parcella-plana-a-cavall-bernat\/#primaryimage","url":"https:\/\/finquesargemi.com\/wp-content\/uploads\/2025\/10\/20956image007.webp","contentUrl":"https:\/\/finquesargemi.com\/wp-content\/uploads\/2025\/10\/20956image007.webp","width":1000,"height":667},{"@type":"BreadcrumbList","@id":"https:\/\/finquesargemi.com\/ca\/propiedades\/parcella-plana-a-cavall-bernat\/#breadcrumb","itemListElement":[{"@type":"ListItem","position":1,"name":"Portada","item":"https:\/\/finquesargemi.com\/ca\/"},{"@type":"ListItem","position":2,"name":"Properties","item":"https:\/\/finquesargemi.com\/ca\/propiedades\/"},{"@type":"ListItem","position":3,"name":"Parcel·la plana a Cavall Bernat"}]},{"@type":"WebSite","@id":"https:\/\/finquesargemi.com\/ca\/#website","url":"https:\/\/finquesargemi.com\/ca\/","name":"Finques Argemí","description":"","potentialAction":[{"@type":"SearchAction","target":{"@type":"EntryPoint","urlTemplate":"https:\/\/finquesargemi.com\/ca\/?s={search_term_string}"},"query-input":{"@type":"PropertyValueSpecification","valueRequired":true,"valueName":"search_term_string"}}],"inLanguage":"ca"}]}</script>
<!-- / Yoast SEO plugin. -->

Parcel·la plana a Cavall Bernat - Finques Argemí

Finques Argemí comercialitza parcel·la totalment plana a la zona de Cavall Bernat.Té una superfície total de 1.030m2, façana de 33m i amb una edificabilitat de 412m2 i una ocupació de 360m2.

Finques Argemí
