{"id":28540,"date":"2025-10-17T10:11:18","date_gmt":"2025-10-17T08:11:18","guid":{"rendered":"https:\/\/finquesargemi.com\/propiedades\/parcella-a-can-sola-del-raco\/"},"modified":"2025-10-17T10:12:39","modified_gmt":"2025-10-17T08:12:39","slug":"parcella-a-can-sola-del-raco","status":"publish","type":"property","link":"https:\/\/finquesargemi.com\/ca\/propiedades\/parcella-a-can-sola-del-raco\/","title":{"rendered":"Parcel\u00b7la a Can Sol\u00e0 del Rac\u00f3"},"content":{"rendered":"\n<p>Finques Argemi comercialitza una parcel\u00b7la a la zona de Can Sol\u00e0 del Rac\u00f3 amb unes vistes i una orientaci\u00f3 immillorable.<br\/>La parcel\u00b7la t\u00e9 807m2, amb una fa\u00e7ana de 23m i amb una edificabilitat m\u00e0xima de 217m2 i una ocupaci\u00f3 de 185m2.<br\/>No dubtis a venir-la a veure.<\/p>\n","protected":false},"excerpt":{"rendered":"<p>Finques Argemi comercialitza una parcel\u00b7la a la zona de Can Sol\u00e0 del Rac\u00f3 amb unes vistes i una orientaci\u00f3 immillorable.La parcel\u00b7la t\u00e9 807m2, amb una fa\u00e7ana de 23m i amb una edificabilitat m\u00e0xima de 217m2 i una ocupaci\u00f3 de 185m2.No dubtis a venir-la a veure.<\/p>\n","protected":false},"author":6,"featured_media":28539,"parent":0,"menu_order":0,"template":"","property_type":[232],"property_status":[231],"property_feature":[],"property_label":[],"property_state":[230],"property_city":[229],"property_area":[278],"class_list":["post-28540","property","type-property","status-publish","has-post-thumbnail","hentry","property_type-terreny","property_status-venda","property_state-barcelona-ca","property_city-matadepera-ca","property_area-can-sola-del-raco-ca"],"property_meta":{"fave_featured":["0"],"houzez_featured_listing_date":[""],"fave_property_images":["28529","28530","28531","28532","28533","28534","28535","28536","28537"],"fave_single_top_area":["global"],"fave_single_content_area":["global"],"_top_nav_excluded":[""],"_cms_nav_minihome":[""],"fave_property_price":["215000"],"fave_property_land":["807"],"fave_property_id":["20957"],"fave_property_location":["25.68654,-80.431345,15"],"houzez_geolocation_lat":["25.68654"],"houzez_geolocation_long":["-80.431345"],"fave_property_map_street_view":["hide"],"fave_agent_display_option":["agency_info"],"fave_property_agency":["2792"],"fave_prop_homeslider":["no"],"_thumbnail_id":["28539"],"_last_translation_edit_mode":["translation-editor"],"_wpml_word_count":["47"],"houzez_total_property_views":["22"],"houzez_views_by_date":["a:18:{s:10:\"10-18-2025\";i:2;s:10:\"10-20-2025\";i:1;s:10:\"10-26-2025\";i:1;s:10:\"10-28-2025\";i:1;s:10:\"10-29-2025\";i:1;s:10:\"11-12-2025\";i:3;s:10:\"11-20-2025\";i:1;s:10:\"11-27-2025\";i:1;s:10:\"12-29-2025\";i:1;s:10:\"01-08-2026\";i:1;s:10:\"01-11-2026\";i:1;s:10:\"01-26-2026\";i:1;s:10:\"02-09-2026\";i:1;s:10:\"02-12-2026\";i:2;s:10:\"02-25-2026\";i:1;s:10:\"03-16-2026\";i:1;s:10:\"04-02-2026\";i:1;s:10:\"04-16-2026\";i:1;}"],"houzez_recently_viewed":["2026-04-16 05:40:26"],"_cmplz_scanned_post":["1"],"_elementor_page_assets":["a:0:{}"]},"yoast_head":"<!-- This site is optimized with the Yoast SEO plugin v27.4 - https:\/\/yoast.com\/product\/yoast-seo-wordpress\/ -->\n<title>Parcel\u00b7la a Can Sol\u00e0 del Rac\u00f3 - Finques Argem\u00ed<\/title>\n<meta name=\"robots\" content=\"index, follow, max-snippet:-1, max-image-preview:large, max-video-preview:-1\" \/>\n<link rel=\"canonical\" href=\"https:\/\/finquesargemi.com\/ca\/propiedades\/parcella-a-can-sola-del-raco\/\" \/>\n<meta property=\"og:locale\" content=\"ca_ES\" \/>\n<meta property=\"og:type\" content=\"article\" \/>\n<meta property=\"og:title\" content=\"Parcel\u00b7la a Can Sol\u00e0 del Rac\u00f3 - Finques Argem\u00ed\" \/>\n<meta property=\"og:description\" content=\"Finques Argemi comercialitza una parcel\u00b7la a la zona de Can Sol\u00e0 del Rac\u00f3 amb unes vistes i una orientaci\u00f3 immillorable.La parcel\u00b7la t\u00e9 807m2, amb una fa\u00e7ana de 23m i amb una edificabilitat m\u00e0xima de 217m2 i una ocupaci\u00f3 de 185m2.No dubtis a venir-la a veure.\" \/>\n<meta property=\"og:url\" content=\"https:\/\/finquesargemi.com\/ca\/propiedades\/parcella-a-can-sola-del-raco\/\" \/>\n<meta property=\"og:site_name\" content=\"Finques Argem\u00ed\" \/>\n<meta property=\"article:modified_time\" content=\"2025-10-17T08:12:39+00:00\" \/>\n<meta property=\"og:image\" content=\"https:\/\/finquesargemi.com\/wp-content\/uploads\/2025\/10\/20957image002.webp\" \/>\n\t<meta property=\"og:image:width\" content=\"1000\" \/>\n\t<meta property=\"og:image:height\" content=\"750\" \/>\n\t<meta property=\"og:image:type\" content=\"image\/jpeg\" \/>\n<meta name=\"twitter:card\" content=\"summary_large_image\" \/>\n<script type=\"application\/ld+json\" class=\"yoast-schema-graph\">{\"@context\":\"https:\\\/\\\/schema.org\",\"@graph\":[{\"@type\":\"WebPage\",\"@id\":\"https:\\\/\\\/finquesargemi.com\\\/ca\\\/propiedades\\\/parcella-a-can-sola-del-raco\\\/\",\"url\":\"https:\\\/\\\/finquesargemi.com\\\/ca\\\/propiedades\\\/parcella-a-can-sola-del-raco\\\/\",\"name\":\"Parcel\u00b7la a Can Sol\u00e0 del Rac\u00f3 - Finques Argem\u00ed\",\"isPartOf\":{\"@id\":\"https:\\\/\\\/finquesargemi.com\\\/ca\\\/#website\"},\"primaryImageOfPage\":{\"@id\":\"https:\\\/\\\/finquesargemi.com\\\/ca\\\/propiedades\\\/parcella-a-can-sola-del-raco\\\/#primaryimage\"},\"image\":{\"@id\":\"https:\\\/\\\/finquesargemi.com\\\/ca\\\/propiedades\\\/parcella-a-can-sola-del-raco\\\/#primaryimage\"},\"thumbnailUrl\":\"https:\\\/\\\/finquesargemi.com\\\/wp-content\\\/uploads\\\/2025\\\/10\\\/20957image002.webp\",\"datePublished\":\"2025-10-17T08:11:18+00:00\",\"dateModified\":\"2025-10-17T08:12:39+00:00\",\"breadcrumb\":{\"@id\":\"https:\\\/\\\/finquesargemi.com\\\/ca\\\/propiedades\\\/parcella-a-can-sola-del-raco\\\/#breadcrumb\"},\"inLanguage\":\"ca\",\"potentialAction\":[{\"@type\":\"ReadAction\",\"target\":[\"https:\\\/\\\/finquesargemi.com\\\/ca\\\/propiedades\\\/parcella-a-can-sola-del-raco\\\/\"]}]},{\"@type\":\"ImageObject\",\"inLanguage\":\"ca\",\"@id\":\"https:\\\/\\\/finquesargemi.com\\\/ca\\\/propiedades\\\/parcella-a-can-sola-del-raco\\\/#primaryimage\",\"url\":\"https:\\\/\\\/finquesargemi.com\\\/wp-content\\\/uploads\\\/2025\\\/10\\\/20957image002.webp\",\"contentUrl\":\"https:\\\/\\\/finquesargemi.com\\\/wp-content\\\/uploads\\\/2025\\\/10\\\/20957image002.webp\",\"width\":1000,\"height\":750},{\"@type\":\"BreadcrumbList\",\"@id\":\"https:\\\/\\\/finquesargemi.com\\\/ca\\\/propiedades\\\/parcella-a-can-sola-del-raco\\\/#breadcrumb\",\"itemListElement\":[{\"@type\":\"ListItem\",\"position\":1,\"name\":\"Portada\",\"item\":\"https:\\\/\\\/finquesargemi.com\\\/ca\\\/\"},{\"@type\":\"ListItem\",\"position\":2,\"name\":\"Properties\",\"item\":\"https:\\\/\\\/finquesargemi.com\\\/ca\\\/propiedades\\\/\"},{\"@type\":\"ListItem\",\"position\":3,\"name\":\"Parcel\u00b7la a Can Sol\u00e0 del Rac\u00f3\"}]},{\"@type\":\"WebSite\",\"@id\":\"https:\\\/\\\/finquesargemi.com\\\/ca\\\/#website\",\"url\":\"https:\\\/\\\/finquesargemi.com\\\/ca\\\/\",\"name\":\"Finques Argem\u00ed\",\"description\":\"\",\"potentialAction\":[{\"@type\":\"SearchAction\",\"target\":{\"@type\":\"EntryPoint\",\"urlTemplate\":\"https:\\\/\\\/finquesargemi.com\\\/ca\\\/?s={search_term_string}\"},\"query-input\":{\"@type\":\"PropertyValueSpecification\",\"valueRequired\":true,\"valueName\":\"search_term_string\"}}],\"inLanguage\":\"ca\"}]}<\/script>\n<!-- \/ Yoast SEO plugin. -->","yoast_head_json":{"title":"Parcel\u00b7la a Can Sol\u00e0 del Rac\u00f3 - Finques Argem\u00ed","robots":{"index":"index","follow":"follow","max-snippet":"max-snippet:-1","max-image-preview":"max-image-preview:large","max-video-preview":"max-video-preview:-1"},"canonical":"https:\/\/finquesargemi.com\/ca\/propiedades\/parcella-a-can-sola-del-raco\/","og_locale":"ca_ES","og_type":"article","og_title":"Parcel\u00b7la a Can Sol\u00e0 del Rac\u00f3 - Finques Argem\u00ed","og_description":"Finques Argemi comercialitza una parcel\u00b7la a la zona de Can Sol\u00e0 del Rac\u00f3 amb unes vistes i una orientaci\u00f3 immillorable.La parcel\u00b7la t\u00e9 807m2, amb una fa\u00e7ana de 23m i amb una edificabilitat m\u00e0xima de 217m2 i una ocupaci\u00f3 de 185m2.No dubtis a venir-la a veure.","og_url":"https:\/\/finquesargemi.com\/ca\/propiedades\/parcella-a-can-sola-del-raco\/","og_site_name":"Finques Argem\u00ed","article_modified_time":"2025-10-17T08:12:39+00:00","og_image":[{"width":1000,"height":750,"url":"https:\/\/finquesargemi.com\/wp-content\/uploads\/2025\/10\/20957image002.webp","type":"image\/jpeg"}],"twitter_card":"summary_large_image","schema":{"@context":"https:\/\/schema.org","@graph":[{"@type":"WebPage","@id":"https:\/\/finquesargemi.com\/ca\/propiedades\/parcella-a-can-sola-del-raco\/","url":"https:\/\/finquesargemi.com\/ca\/propiedades\/parcella-a-can-sola-del-raco\/","name":"Parcel\u00b7la a Can Sol\u00e0 del Rac\u00f3 - Finques Argem\u00ed","isPartOf":{"@id":"https:\/\/finquesargemi.com\/ca\/#website"},"primaryImageOfPage":{"@id":"https:\/\/finquesargemi.com\/ca\/propiedades\/parcella-a-can-sola-del-raco\/#primaryimage"},"image":{"@id":"https:\/\/finquesargemi.com\/ca\/propiedades\/parcella-a-can-sola-del-raco\/#primaryimage"},"thumbnailUrl":"https:\/\/finquesargemi.com\/wp-content\/uploads\/2025\/10\/20957image002.webp","datePublished":"2025-10-17T08:11:18+00:00","dateModified":"2025-10-17T08:12:39+00:00","breadcrumb":{"@id":"https:\/\/finquesargemi.com\/ca\/propiedades\/parcella-a-can-sola-del-raco\/#breadcrumb"},"inLanguage":"ca","potentialAction":[{"@type":"ReadAction","target":["https:\/\/finquesargemi.com\/ca\/propiedades\/parcella-a-can-sola-del-raco\/"]}]},{"@type":"ImageObject","inLanguage":"ca","@id":"https:\/\/finquesargemi.com\/ca\/propiedades\/parcella-a-can-sola-del-raco\/#primaryimage","url":"https:\/\/finquesargemi.com\/wp-content\/uploads\/2025\/10\/20957image002.webp","contentUrl":"https:\/\/finquesargemi.com\/wp-content\/uploads\/2025\/10\/20957image002.webp","width":1000,"height":750},{"@type":"BreadcrumbList","@id":"https:\/\/finquesargemi.com\/ca\/propiedades\/parcella-a-can-sola-del-raco\/#breadcrumb","itemListElement":[{"@type":"ListItem","position":1,"name":"Portada","item":"https:\/\/finquesargemi.com\/ca\/"},{"@type":"ListItem","position":2,"name":"Properties","item":"https:\/\/finquesargemi.com\/ca\/propiedades\/"},{"@type":"ListItem","position":3,"name":"Parcel\u00b7la a Can Sol\u00e0 del Rac\u00f3"}]},{"@type":"WebSite","@id":"https:\/\/finquesargemi.com\/ca\/#website","url":"https:\/\/finquesargemi.com\/ca\/","name":"Finques Argem\u00ed","description":"","potentialAction":[{"@type":"SearchAction","target":{"@type":"EntryPoint","urlTemplate":"https:\/\/finquesargemi.com\/ca\/?s={search_term_string}"},"query-input":{"@type":"PropertyValueSpecification","valueRequired":true,"valueName":"search_term_string"}}],"inLanguage":"ca"}]}},"_links":{"self":[{"href":"https:\/\/finquesargemi.com\/ca\/wp-json\/wp\/v2\/properties\/28540","targetHints":{"allow":["GET"]}}],"collection":[{"href":"https:\/\/finquesargemi.com\/ca\/wp-json\/wp\/v2\/properties"}],"about":[{"href":"https:\/\/finquesargemi.com\/ca\/wp-json\/wp\/v2\/types\/property"}],"author":[{"embeddable":true,"href":"https:\/\/finquesargemi.com\/ca\/wp-json\/wp\/v2\/users\/6"}],"version-history":[{"count":1,"href":"https:\/\/finquesargemi.com\/ca\/wp-json\/wp\/v2\/properties\/28540\/revisions"}],"predecessor-version":[{"id":28549,"href":"https:\/\/finquesargemi.com\/ca\/wp-json\/wp\/v2\/properties\/28540\/revisions\/28549"}],"wp:featuredmedia":[{"embeddable":true,"href":"https:\/\/finquesargemi.com\/ca\/wp-json\/wp\/v2\/media\/28539"}],"wp:attachment":[{"href":"https:\/\/finquesargemi.com\/ca\/wp-json\/wp\/v2\/media?parent=28540"}],"wp:term":[{"taxonomy":"property_type","embeddable":true,"href":"https:\/\/finquesargemi.com\/ca\/wp-json\/wp\/v2\/property_type?post=28540"},{"taxonomy":"property_status","embeddable":true,"href":"https:\/\/finquesargemi.com\/ca\/wp-json\/wp\/v2\/property_status?post=28540"},{"taxonomy":"property_feature","embeddable":true,"href":"https:\/\/finquesargemi.com\/ca\/wp-json\/wp\/v2\/property_feature?post=28540"},{"taxonomy":"property_label","embeddable":true,"href":"https:\/\/finquesargemi.com\/ca\/wp-json\/wp\/v2\/property_label?post=28540"},{"taxonomy":"property_state","embeddable":true,"href":"https:\/\/finquesargemi.com\/ca\/wp-json\/wp\/v2\/property_state?post=28540"},{"taxonomy":"property_city","embeddable":true,"href":"https:\/\/finquesargemi.com\/ca\/wp-json\/wp\/v2\/property_city?post=28540"},{"taxonomy":"property_area","embeddable":true,"href":"https:\/\/finquesargemi.com\/ca\/wp-json\/wp\/v2\/property_area?post=28540"}],"curies":[{"name":"wp","href":"https:\/\/api.w.org\/{rel}","templated":true}]}}

Parcel·la a Can Solà del Racó

<p>Finques Argemi comercialitza una parcel·la a la zona de Can Solà del Racó amb unes vistes i una orientació immillorable.<br/>La parcel·la té 807m2, amb una façana de 23m i amb una edificabilitat màxima de 217m2 i una ocupació de 185m2.<br/>No dubtis a venir-la a veure.</p>

<p>Finques Argemi comercialitza una parcel·la a la zona de Can Solà del Racó amb unes vistes i una orientació immillorable.La parcel·la té 807m2, amb una façana de 23m i amb una edificabilitat màxima de 217m2 i una ocupació de 185m2.No dubtis a venir-la a veure.</p>

<!-- This site is optimized with the Yoast SEO plugin v27.4 - https://yoast.com/product/yoast-seo-wordpress/ -->
<title>Parcel·la a Can Solà del Racó - Finques Argemí</title>
<meta name="robots" content="index, follow, max-snippet:-1, max-image-preview:large, max-video-preview:-1" />
<link rel="canonical" href="https://finquesargemi.com/ca/propiedades/parcella-a-can-sola-del-raco/" />
<meta property="og:locale" content="ca_ES" />
<meta property="og:type" content="article" />
<meta property="og:title" content="Parcel·la a Can Solà del Racó - Finques Argemí" />
<meta property="og:description" content="Finques Argemi comercialitza una parcel·la a la zona de Can Solà del Racó amb unes vistes i una orientació immillorable.La parcel·la té 807m2, amb una façana de 23m i amb una edificabilitat màxima de 217m2 i una ocupació de 185m2.No dubtis a venir-la a veure." />
<meta property="og:url" content="https://finquesargemi.com/ca/propiedades/parcella-a-can-sola-del-raco/" />
<meta property="og:site_name" content="Finques Argemí" />
<meta property="article:modified_time" content="2025-10-17T08:12:39+00:00" />
<meta property="og:image" content="https://finquesargemi.com/wp-content/uploads/2025/10/20957image002.webp" />
	<meta property="og:image:width" content="1000" />
	<meta property="og:image:height" content="750" />
	<meta property="og:image:type" content="image/jpeg" />
<meta name="twitter:card" content="summary_large_image" />
<script type="application/ld+json" class="yoast-schema-graph">{"@context":"https:\/\/schema.org","@graph":[{"@type":"WebPage","@id":"https:\/\/finquesargemi.com\/ca\/propiedades\/parcella-a-can-sola-del-raco\/","url":"https:\/\/finquesargemi.com\/ca\/propiedades\/parcella-a-can-sola-del-raco\/","name":"Parcel·la a Can Solà del Racó - Finques Argemí","isPartOf":{"@id":"https:\/\/finquesargemi.com\/ca\/#website"},"primaryImageOfPage":{"@id":"https:\/\/finquesargemi.com\/ca\/propiedades\/parcella-a-can-sola-del-raco\/#primaryimage"},"image":{"@id":"https:\/\/finquesargemi.com\/ca\/propiedades\/parcella-a-can-sola-del-raco\/#primaryimage"},"thumbnailUrl":"https:\/\/finquesargemi.com\/wp-content\/uploads\/2025\/10\/20957image002.webp","datePublished":"2025-10-17T08:11:18+00:00","dateModified":"2025-10-17T08:12:39+00:00","breadcrumb":{"@id":"https:\/\/finquesargemi.com\/ca\/propiedades\/parcella-a-can-sola-del-raco\/#breadcrumb"},"inLanguage":"ca","potentialAction":[{"@type":"ReadAction","target":["https:\/\/finquesargemi.com\/ca\/propiedades\/parcella-a-can-sola-del-raco\/"]}]},{"@type":"ImageObject","inLanguage":"ca","@id":"https:\/\/finquesargemi.com\/ca\/propiedades\/parcella-a-can-sola-del-raco\/#primaryimage","url":"https:\/\/finquesargemi.com\/wp-content\/uploads\/2025\/10\/20957image002.webp","contentUrl":"https:\/\/finquesargemi.com\/wp-content\/uploads\/2025\/10\/20957image002.webp","width":1000,"height":750},{"@type":"BreadcrumbList","@id":"https:\/\/finquesargemi.com\/ca\/propiedades\/parcella-a-can-sola-del-raco\/#breadcrumb","itemListElement":[{"@type":"ListItem","position":1,"name":"Portada","item":"https:\/\/finquesargemi.com\/ca\/"},{"@type":"ListItem","position":2,"name":"Properties","item":"https:\/\/finquesargemi.com\/ca\/propiedades\/"},{"@type":"ListItem","position":3,"name":"Parcel·la a Can Solà del Racó"}]},{"@type":"WebSite","@id":"https:\/\/finquesargemi.com\/ca\/#website","url":"https:\/\/finquesargemi.com\/ca\/","name":"Finques Argemí","description":"","potentialAction":[{"@type":"SearchAction","target":{"@type":"EntryPoint","urlTemplate":"https:\/\/finquesargemi.com\/ca\/?s={search_term_string}"},"query-input":{"@type":"PropertyValueSpecification","valueRequired":true,"valueName":"search_term_string"}}],"inLanguage":"ca"}]}</script>
<!-- / Yoast SEO plugin. -->

Parcel·la a Can Solà del Racó - Finques Argemí

Finques Argemi comercialitza una parcel·la a la zona de Can Solà del Racó amb unes vistes i una orientació immillorable.La parcel·la té 807m2, amb una façana de 23m i amb una edificabilitat màxima de 217m2 i una ocupació de 185m2.No dubtis a venir-la a veure.

Finques Argemí
