{"id":27262,"date":"2025-01-27T09:56:28","date_gmt":"2025-01-27T08:56:28","guid":{"rendered":"https:\/\/finquesargemi.com\/propiedades\/terreny-a-prop-del-centre-en-venda-a-matadepera-3\/"},"modified":"2025-01-27T09:59:40","modified_gmt":"2025-01-27T08:59:40","slug":"terreny-a-prop-del-centre-en-venda-a-matadepera-3","status":"publish","type":"property","link":"https:\/\/finquesargemi.com\/ca\/propiedades\/terreny-a-prop-del-centre-en-venda-a-matadepera-3\/","title":{"rendered":"Terreny a prop del centre en venda a Matadepera"},"content":{"rendered":"\n<p>Terreny amb molt bones vistes i sol a Can Sola del Raco<\/p>\n","protected":false},"excerpt":{"rendered":"<p>Terreny amb molt bones vistes i sol a Can Sola del Raco<\/p>\n","protected":false},"author":6,"featured_media":27252,"parent":0,"menu_order":0,"template":"","property_type":[232],"property_status":[231],"property_feature":[],"property_label":[],"property_state":[230],"property_city":[229],"property_area":[278],"class_list":["post-27262","property","type-property","status-publish","has-post-thumbnail","hentry","property_type-terreny","property_status-venda","property_state-barcelona-ca","property_city-matadepera-ca","property_area-can-sola-del-raco-ca"],"property_meta":{"fave_featured":["0"],"houzez_featured_listing_date":[""],"fave_property_images":["27245","27247","27249","27251","27253","27255"],"fave_single_top_area":["global"],"fave_single_content_area":["global"],"_top_nav_excluded":[""],"_cms_nav_minihome":[""],"fave_property_price":["200000"],"fave_property_land":["1400"],"fave_property_id":["20809"],"fave_property_map_address":["Carrer del Pollancre, Can Sol\u00e0 del Rac\u00f3, Matadepera, Vall\u00e8s Occidental, Barcelona, Catalunya, 08230, Espa\u00f1a"],"fave_property_location":["41.601971286555,2.0326655915724,15"],"houzez_geolocation_lat":["41.601971286555"],"houzez_geolocation_long":["2.0326655915724"],"fave_property_map_street_view":["hide"],"fave_agent_display_option":["agency_info"],"fave_property_agency":["2792"],"fave_prop_homeslider":["no"],"_thumbnail_id":["27252"],"_last_translation_edit_mode":["translation-editor"],"houzez_total_property_views":["227"],"houzez_views_by_date":["a:61:{s:10:\"07-14-2025\";i:1;s:10:\"07-15-2025\";i:2;s:10:\"07-17-2025\";i:1;s:10:\"07-18-2025\";i:1;s:10:\"07-21-2025\";i:1;s:10:\"07-24-2025\";i:1;s:10:\"07-25-2025\";i:1;s:10:\"07-26-2025\";i:1;s:10:\"07-30-2025\";i:1;s:10:\"07-31-2025\";i:1;s:10:\"08-03-2025\";i:3;s:10:\"08-04-2025\";i:1;s:10:\"08-07-2025\";i:1;s:10:\"08-09-2025\";i:2;s:10:\"08-10-2025\";i:1;s:10:\"08-11-2025\";i:1;s:10:\"08-12-2025\";i:1;s:10:\"08-15-2025\";i:1;s:10:\"08-23-2025\";i:1;s:10:\"08-24-2025\";i:2;s:10:\"08-25-2025\";i:3;s:10:\"08-30-2025\";i:3;s:10:\"09-01-2025\";i:1;s:10:\"09-03-2025\";i:1;s:10:\"09-08-2025\";i:3;s:10:\"09-10-2025\";i:1;s:10:\"09-12-2025\";i:1;s:10:\"09-13-2025\";i:1;s:10:\"09-14-2025\";i:2;s:10:\"09-19-2025\";i:1;s:10:\"09-20-2025\";i:6;s:10:\"09-21-2025\";i:1;s:10:\"09-23-2025\";i:1;s:10:\"09-24-2025\";i:1;s:10:\"09-25-2025\";i:6;s:10:\"09-26-2025\";i:2;s:10:\"09-27-2025\";i:3;s:10:\"09-29-2025\";i:3;s:10:\"10-01-2025\";i:1;s:10:\"10-02-2025\";i:1;s:10:\"10-06-2025\";i:1;s:10:\"10-09-2025\";i:1;s:10:\"10-11-2025\";i:1;s:10:\"10-14-2025\";i:1;s:10:\"10-17-2025\";i:1;s:10:\"10-20-2025\";i:1;s:10:\"10-30-2025\";i:1;s:10:\"11-12-2025\";i:1;s:10:\"11-19-2025\";i:1;s:10:\"11-21-2025\";i:1;s:10:\"11-26-2025\";i:1;s:10:\"12-30-2025\";i:1;s:10:\"01-08-2026\";i:2;s:10:\"01-11-2026\";i:1;s:10:\"01-26-2026\";i:1;s:10:\"01-31-2026\";i:1;s:10:\"02-09-2026\";i:1;s:10:\"02-12-2026\";i:1;s:10:\"02-24-2026\";i:1;s:10:\"04-02-2026\";i:1;s:10:\"04-16-2026\";i:1;}"],"houzez_recently_viewed":["2026-04-16 05:42:47"],"_elementor_page_assets":["a:0:{}"]},"yoast_head":"<!-- This site is optimized with the Yoast SEO plugin v27.4 - https:\/\/yoast.com\/product\/yoast-seo-wordpress\/ -->\n<title>Terreny a prop del centre en venda a Matadepera - Finques Argem\u00ed<\/title>\n<meta name=\"robots\" content=\"index, follow, max-snippet:-1, max-image-preview:large, max-video-preview:-1\" \/>\n<link rel=\"canonical\" href=\"https:\/\/finquesargemi.com\/ca\/propiedades\/terreny-a-prop-del-centre-en-venda-a-matadepera-3\/\" \/>\n<meta property=\"og:locale\" content=\"ca_ES\" \/>\n<meta property=\"og:type\" content=\"article\" \/>\n<meta property=\"og:title\" content=\"Terreny a prop del centre en venda a Matadepera - Finques Argem\u00ed\" \/>\n<meta property=\"og:description\" content=\"Terreny amb molt bones vistes i sol a Can Sola del Raco\" \/>\n<meta property=\"og:url\" content=\"https:\/\/finquesargemi.com\/ca\/propiedades\/terreny-a-prop-del-centre-en-venda-a-matadepera-3\/\" \/>\n<meta property=\"og:site_name\" content=\"Finques Argem\u00ed\" \/>\n<meta property=\"article:modified_time\" content=\"2025-01-27T08:59:40+00:00\" \/>\n<meta property=\"og:image\" content=\"https:\/\/finquesargemi.com\/wp-content\/uploads\/2025\/01\/20809IMG_3027.webp\" \/>\n\t<meta property=\"og:image:width\" content=\"640\" \/>\n\t<meta property=\"og:image:height\" content=\"480\" \/>\n\t<meta property=\"og:image:type\" content=\"image\/jpeg\" \/>\n<meta name=\"twitter:card\" content=\"summary_large_image\" \/>\n<script type=\"application\/ld+json\" class=\"yoast-schema-graph\">{\"@context\":\"https:\\\/\\\/schema.org\",\"@graph\":[{\"@type\":\"WebPage\",\"@id\":\"https:\\\/\\\/finquesargemi.com\\\/ca\\\/propiedades\\\/terreny-a-prop-del-centre-en-venda-a-matadepera-3\\\/\",\"url\":\"https:\\\/\\\/finquesargemi.com\\\/ca\\\/propiedades\\\/terreny-a-prop-del-centre-en-venda-a-matadepera-3\\\/\",\"name\":\"Terreny a prop del centre en venda a Matadepera - Finques Argem\u00ed\",\"isPartOf\":{\"@id\":\"https:\\\/\\\/finquesargemi.com\\\/ca\\\/#website\"},\"primaryImageOfPage\":{\"@id\":\"https:\\\/\\\/finquesargemi.com\\\/ca\\\/propiedades\\\/terreny-a-prop-del-centre-en-venda-a-matadepera-3\\\/#primaryimage\"},\"image\":{\"@id\":\"https:\\\/\\\/finquesargemi.com\\\/ca\\\/propiedades\\\/terreny-a-prop-del-centre-en-venda-a-matadepera-3\\\/#primaryimage\"},\"thumbnailUrl\":\"https:\\\/\\\/finquesargemi.com\\\/wp-content\\\/uploads\\\/2025\\\/01\\\/20809IMG_3027.webp\",\"datePublished\":\"2025-01-27T08:56:28+00:00\",\"dateModified\":\"2025-01-27T08:59:40+00:00\",\"breadcrumb\":{\"@id\":\"https:\\\/\\\/finquesargemi.com\\\/ca\\\/propiedades\\\/terreny-a-prop-del-centre-en-venda-a-matadepera-3\\\/#breadcrumb\"},\"inLanguage\":\"ca\",\"potentialAction\":[{\"@type\":\"ReadAction\",\"target\":[\"https:\\\/\\\/finquesargemi.com\\\/ca\\\/propiedades\\\/terreny-a-prop-del-centre-en-venda-a-matadepera-3\\\/\"]}]},{\"@type\":\"ImageObject\",\"inLanguage\":\"ca\",\"@id\":\"https:\\\/\\\/finquesargemi.com\\\/ca\\\/propiedades\\\/terreny-a-prop-del-centre-en-venda-a-matadepera-3\\\/#primaryimage\",\"url\":\"https:\\\/\\\/finquesargemi.com\\\/wp-content\\\/uploads\\\/2025\\\/01\\\/20809IMG_3027.webp\",\"contentUrl\":\"https:\\\/\\\/finquesargemi.com\\\/wp-content\\\/uploads\\\/2025\\\/01\\\/20809IMG_3027.webp\",\"width\":640,\"height\":480},{\"@type\":\"BreadcrumbList\",\"@id\":\"https:\\\/\\\/finquesargemi.com\\\/ca\\\/propiedades\\\/terreny-a-prop-del-centre-en-venda-a-matadepera-3\\\/#breadcrumb\",\"itemListElement\":[{\"@type\":\"ListItem\",\"position\":1,\"name\":\"Portada\",\"item\":\"https:\\\/\\\/finquesargemi.com\\\/ca\\\/\"},{\"@type\":\"ListItem\",\"position\":2,\"name\":\"Properties\",\"item\":\"https:\\\/\\\/finquesargemi.com\\\/ca\\\/propiedades\\\/\"},{\"@type\":\"ListItem\",\"position\":3,\"name\":\"Terreny a prop del centre en venda a Matadepera\"}]},{\"@type\":\"WebSite\",\"@id\":\"https:\\\/\\\/finquesargemi.com\\\/ca\\\/#website\",\"url\":\"https:\\\/\\\/finquesargemi.com\\\/ca\\\/\",\"name\":\"Finques Argem\u00ed\",\"description\":\"\",\"potentialAction\":[{\"@type\":\"SearchAction\",\"target\":{\"@type\":\"EntryPoint\",\"urlTemplate\":\"https:\\\/\\\/finquesargemi.com\\\/ca\\\/?s={search_term_string}\"},\"query-input\":{\"@type\":\"PropertyValueSpecification\",\"valueRequired\":true,\"valueName\":\"search_term_string\"}}],\"inLanguage\":\"ca\"}]}<\/script>\n<!-- \/ Yoast SEO plugin. -->","yoast_head_json":{"title":"Terreny a prop del centre en venda a Matadepera - Finques Argem\u00ed","robots":{"index":"index","follow":"follow","max-snippet":"max-snippet:-1","max-image-preview":"max-image-preview:large","max-video-preview":"max-video-preview:-1"},"canonical":"https:\/\/finquesargemi.com\/ca\/propiedades\/terreny-a-prop-del-centre-en-venda-a-matadepera-3\/","og_locale":"ca_ES","og_type":"article","og_title":"Terreny a prop del centre en venda a Matadepera - Finques Argem\u00ed","og_description":"Terreny amb molt bones vistes i sol a Can Sola del Raco","og_url":"https:\/\/finquesargemi.com\/ca\/propiedades\/terreny-a-prop-del-centre-en-venda-a-matadepera-3\/","og_site_name":"Finques Argem\u00ed","article_modified_time":"2025-01-27T08:59:40+00:00","og_image":[{"width":640,"height":480,"url":"https:\/\/finquesargemi.com\/wp-content\/uploads\/2025\/01\/20809IMG_3027.webp","type":"image\/jpeg"}],"twitter_card":"summary_large_image","schema":{"@context":"https:\/\/schema.org","@graph":[{"@type":"WebPage","@id":"https:\/\/finquesargemi.com\/ca\/propiedades\/terreny-a-prop-del-centre-en-venda-a-matadepera-3\/","url":"https:\/\/finquesargemi.com\/ca\/propiedades\/terreny-a-prop-del-centre-en-venda-a-matadepera-3\/","name":"Terreny a prop del centre en venda a Matadepera - Finques Argem\u00ed","isPartOf":{"@id":"https:\/\/finquesargemi.com\/ca\/#website"},"primaryImageOfPage":{"@id":"https:\/\/finquesargemi.com\/ca\/propiedades\/terreny-a-prop-del-centre-en-venda-a-matadepera-3\/#primaryimage"},"image":{"@id":"https:\/\/finquesargemi.com\/ca\/propiedades\/terreny-a-prop-del-centre-en-venda-a-matadepera-3\/#primaryimage"},"thumbnailUrl":"https:\/\/finquesargemi.com\/wp-content\/uploads\/2025\/01\/20809IMG_3027.webp","datePublished":"2025-01-27T08:56:28+00:00","dateModified":"2025-01-27T08:59:40+00:00","breadcrumb":{"@id":"https:\/\/finquesargemi.com\/ca\/propiedades\/terreny-a-prop-del-centre-en-venda-a-matadepera-3\/#breadcrumb"},"inLanguage":"ca","potentialAction":[{"@type":"ReadAction","target":["https:\/\/finquesargemi.com\/ca\/propiedades\/terreny-a-prop-del-centre-en-venda-a-matadepera-3\/"]}]},{"@type":"ImageObject","inLanguage":"ca","@id":"https:\/\/finquesargemi.com\/ca\/propiedades\/terreny-a-prop-del-centre-en-venda-a-matadepera-3\/#primaryimage","url":"https:\/\/finquesargemi.com\/wp-content\/uploads\/2025\/01\/20809IMG_3027.webp","contentUrl":"https:\/\/finquesargemi.com\/wp-content\/uploads\/2025\/01\/20809IMG_3027.webp","width":640,"height":480},{"@type":"BreadcrumbList","@id":"https:\/\/finquesargemi.com\/ca\/propiedades\/terreny-a-prop-del-centre-en-venda-a-matadepera-3\/#breadcrumb","itemListElement":[{"@type":"ListItem","position":1,"name":"Portada","item":"https:\/\/finquesargemi.com\/ca\/"},{"@type":"ListItem","position":2,"name":"Properties","item":"https:\/\/finquesargemi.com\/ca\/propiedades\/"},{"@type":"ListItem","position":3,"name":"Terreny a prop del centre en venda a Matadepera"}]},{"@type":"WebSite","@id":"https:\/\/finquesargemi.com\/ca\/#website","url":"https:\/\/finquesargemi.com\/ca\/","name":"Finques Argem\u00ed","description":"","potentialAction":[{"@type":"SearchAction","target":{"@type":"EntryPoint","urlTemplate":"https:\/\/finquesargemi.com\/ca\/?s={search_term_string}"},"query-input":{"@type":"PropertyValueSpecification","valueRequired":true,"valueName":"search_term_string"}}],"inLanguage":"ca"}]}},"_links":{"self":[{"href":"https:\/\/finquesargemi.com\/ca\/wp-json\/wp\/v2\/properties\/27262","targetHints":{"allow":["GET"]}}],"collection":[{"href":"https:\/\/finquesargemi.com\/ca\/wp-json\/wp\/v2\/properties"}],"about":[{"href":"https:\/\/finquesargemi.com\/ca\/wp-json\/wp\/v2\/types\/property"}],"author":[{"embeddable":true,"href":"https:\/\/finquesargemi.com\/ca\/wp-json\/wp\/v2\/users\/6"}],"version-history":[{"count":1,"href":"https:\/\/finquesargemi.com\/ca\/wp-json\/wp\/v2\/properties\/27262\/revisions"}],"predecessor-version":[{"id":27263,"href":"https:\/\/finquesargemi.com\/ca\/wp-json\/wp\/v2\/properties\/27262\/revisions\/27263"}],"wp:featuredmedia":[{"embeddable":true,"href":"https:\/\/finquesargemi.com\/ca\/wp-json\/wp\/v2\/media\/27252"}],"wp:attachment":[{"href":"https:\/\/finquesargemi.com\/ca\/wp-json\/wp\/v2\/media?parent=27262"}],"wp:term":[{"taxonomy":"property_type","embeddable":true,"href":"https:\/\/finquesargemi.com\/ca\/wp-json\/wp\/v2\/property_type?post=27262"},{"taxonomy":"property_status","embeddable":true,"href":"https:\/\/finquesargemi.com\/ca\/wp-json\/wp\/v2\/property_status?post=27262"},{"taxonomy":"property_feature","embeddable":true,"href":"https:\/\/finquesargemi.com\/ca\/wp-json\/wp\/v2\/property_feature?post=27262"},{"taxonomy":"property_label","embeddable":true,"href":"https:\/\/finquesargemi.com\/ca\/wp-json\/wp\/v2\/property_label?post=27262"},{"taxonomy":"property_state","embeddable":true,"href":"https:\/\/finquesargemi.com\/ca\/wp-json\/wp\/v2\/property_state?post=27262"},{"taxonomy":"property_city","embeddable":true,"href":"https:\/\/finquesargemi.com\/ca\/wp-json\/wp\/v2\/property_city?post=27262"},{"taxonomy":"property_area","embeddable":true,"href":"https:\/\/finquesargemi.com\/ca\/wp-json\/wp\/v2\/property_area?post=27262"}],"curies":[{"name":"wp","href":"https:\/\/api.w.org\/{rel}","templated":true}]}}

Carrer del Pollancre, Can Solà del Racó, Matadepera, Vallès Occidental, Barcelona, Catalunya, 08230, España

<!-- This site is optimized with the Yoast SEO plugin v27.4 - https://yoast.com/product/yoast-seo-wordpress/ -->
<title>Terreny a prop del centre en venda a Matadepera - Finques Argemí</title>
<meta name="robots" content="index, follow, max-snippet:-1, max-image-preview:large, max-video-preview:-1" />
<link rel="canonical" href="https://finquesargemi.com/ca/propiedades/terreny-a-prop-del-centre-en-venda-a-matadepera-3/" />
<meta property="og:locale" content="ca_ES" />
<meta property="og:type" content="article" />
<meta property="og:title" content="Terreny a prop del centre en venda a Matadepera - Finques Argemí" />
<meta property="og:description" content="Terreny amb molt bones vistes i sol a Can Sola del Raco" />
<meta property="og:url" content="https://finquesargemi.com/ca/propiedades/terreny-a-prop-del-centre-en-venda-a-matadepera-3/" />
<meta property="og:site_name" content="Finques Argemí" />
<meta property="article:modified_time" content="2025-01-27T08:59:40+00:00" />
<meta property="og:image" content="https://finquesargemi.com/wp-content/uploads/2025/01/20809IMG_3027.webp" />
	<meta property="og:image:width" content="640" />
	<meta property="og:image:height" content="480" />
	<meta property="og:image:type" content="image/jpeg" />
<meta name="twitter:card" content="summary_large_image" />
<script type="application/ld+json" class="yoast-schema-graph">{"@context":"https:\/\/schema.org","@graph":[{"@type":"WebPage","@id":"https:\/\/finquesargemi.com\/ca\/propiedades\/terreny-a-prop-del-centre-en-venda-a-matadepera-3\/","url":"https:\/\/finquesargemi.com\/ca\/propiedades\/terreny-a-prop-del-centre-en-venda-a-matadepera-3\/","name":"Terreny a prop del centre en venda a Matadepera - Finques Argemí","isPartOf":{"@id":"https:\/\/finquesargemi.com\/ca\/#website"},"primaryImageOfPage":{"@id":"https:\/\/finquesargemi.com\/ca\/propiedades\/terreny-a-prop-del-centre-en-venda-a-matadepera-3\/#primaryimage"},"image":{"@id":"https:\/\/finquesargemi.com\/ca\/propiedades\/terreny-a-prop-del-centre-en-venda-a-matadepera-3\/#primaryimage"},"thumbnailUrl":"https:\/\/finquesargemi.com\/wp-content\/uploads\/2025\/01\/20809IMG_3027.webp","datePublished":"2025-01-27T08:56:28+00:00","dateModified":"2025-01-27T08:59:40+00:00","breadcrumb":{"@id":"https:\/\/finquesargemi.com\/ca\/propiedades\/terreny-a-prop-del-centre-en-venda-a-matadepera-3\/#breadcrumb"},"inLanguage":"ca","potentialAction":[{"@type":"ReadAction","target":["https:\/\/finquesargemi.com\/ca\/propiedades\/terreny-a-prop-del-centre-en-venda-a-matadepera-3\/"]}]},{"@type":"ImageObject","inLanguage":"ca","@id":"https:\/\/finquesargemi.com\/ca\/propiedades\/terreny-a-prop-del-centre-en-venda-a-matadepera-3\/#primaryimage","url":"https:\/\/finquesargemi.com\/wp-content\/uploads\/2025\/01\/20809IMG_3027.webp","contentUrl":"https:\/\/finquesargemi.com\/wp-content\/uploads\/2025\/01\/20809IMG_3027.webp","width":640,"height":480},{"@type":"BreadcrumbList","@id":"https:\/\/finquesargemi.com\/ca\/propiedades\/terreny-a-prop-del-centre-en-venda-a-matadepera-3\/#breadcrumb","itemListElement":[{"@type":"ListItem","position":1,"name":"Portada","item":"https:\/\/finquesargemi.com\/ca\/"},{"@type":"ListItem","position":2,"name":"Properties","item":"https:\/\/finquesargemi.com\/ca\/propiedades\/"},{"@type":"ListItem","position":3,"name":"Terreny a prop del centre en venda a Matadepera"}]},{"@type":"WebSite","@id":"https:\/\/finquesargemi.com\/ca\/#website","url":"https:\/\/finquesargemi.com\/ca\/","name":"Finques Argemí","description":"","potentialAction":[{"@type":"SearchAction","target":{"@type":"EntryPoint","urlTemplate":"https:\/\/finquesargemi.com\/ca\/?s={search_term_string}"},"query-input":{"@type":"PropertyValueSpecification","valueRequired":true,"valueName":"search_term_string"}}],"inLanguage":"ca"}]}</script>
<!-- / Yoast SEO plugin. -->

Terreny a prop del centre en venda a Matadepera - Finques Argemí

Finques Argemí
