{"id":27005,"date":"2025-01-17T18:07:48","date_gmt":"2025-01-17T17:07:48","guid":{"rendered":"https:\/\/finquesargemi.com\/propiedades\/terreny-en-venda-a-matadepera-3\/"},"modified":"2025-01-17T18:09:53","modified_gmt":"2025-01-17T17:09:53","slug":"terreny-en-venda-a-matadepera-3","status":"publish","type":"property","link":"https:\/\/finquesargemi.com\/ca\/propiedades\/terreny-en-venda-a-matadepera-3\/","title":{"rendered":"Terreny en venda a Matadepera"},"content":{"rendered":"\n<p>Magn\u00edfic terreny amb una fa\u00e7ana ampla de 36 m2 situat a la part mitjana de la Urbanitzaci\u00f3 i amb boniques vistes. No se&#8217;l deixi escapar!<\/p>\n","protected":false},"excerpt":{"rendered":"<p>Magn\u00edfic terreny amb una fa\u00e7ana ampla de 36 m2 situat a la part mitjana de la Urbanitzaci\u00f3 i amb boniques vistes. No se&#8217;l deixi escapar!<\/p>\n","protected":false},"author":6,"featured_media":26995,"parent":0,"menu_order":0,"template":"","property_type":[232],"property_status":[231],"property_feature":[],"property_label":[],"property_state":[230],"property_city":[229],"property_area":[273],"class_list":["post-27005","property","type-property","status-publish","has-post-thumbnail","hentry","property_type-terreny","property_status-venda","property_state-barcelona-ca","property_city-matadepera-ca","property_area-les-pedritxes-ca"],"property_meta":{"fave_featured":["0"],"houzez_featured_listing_date":[""],"fave_property_images":["26990","26992","26994","26996","26998","27000","27002"],"fave_single_top_area":["global"],"fave_single_content_area":["global"],"_top_nav_excluded":[""],"_cms_nav_minihome":[""],"fave_property_price":["139000"],"fave_property_land":["1155"],"fave_property_id":["20798"],"fave_property_location":["25.68654,-80.431345,15"],"houzez_geolocation_lat":["25.68654"],"houzez_geolocation_long":["-80.431345"],"fave_property_map_street_view":["hide"],"fave_property_address":["DEL MIG 13"],"fave_property_zip":["08230"],"fave_agent_display_option":["agency_info"],"fave_property_agency":["2792"],"fave_prop_homeslider":["no"],"_thumbnail_id":["26995"],"_last_translation_edit_mode":["translation-editor"],"houzez_total_property_views":["201"],"houzez_views_by_date":["a:61:{s:10:\"07-07-2025\";i:2;s:10:\"07-08-2025\";i:1;s:10:\"07-10-2025\";i:2;s:10:\"07-13-2025\";i:2;s:10:\"07-15-2025\";i:1;s:10:\"07-18-2025\";i:1;s:10:\"07-19-2025\";i:1;s:10:\"07-21-2025\";i:1;s:10:\"07-25-2025\";i:2;s:10:\"07-26-2025\";i:1;s:10:\"07-28-2025\";i:1;s:10:\"07-30-2025\";i:1;s:10:\"07-31-2025\";i:1;s:10:\"08-03-2025\";i:1;s:10:\"08-08-2025\";i:1;s:10:\"08-09-2025\";i:3;s:10:\"08-10-2025\";i:1;s:10:\"08-11-2025\";i:1;s:10:\"08-12-2025\";i:1;s:10:\"08-15-2025\";i:1;s:10:\"08-17-2025\";i:1;s:10:\"08-18-2025\";i:1;s:10:\"08-23-2025\";i:1;s:10:\"08-26-2025\";i:1;s:10:\"08-30-2025\";i:1;s:10:\"09-03-2025\";i:1;s:10:\"09-04-2025\";i:1;s:10:\"09-06-2025\";i:1;s:10:\"09-07-2025\";i:1;s:10:\"09-08-2025\";i:3;s:10:\"09-10-2025\";i:1;s:10:\"09-13-2025\";i:1;s:10:\"09-14-2025\";i:1;s:10:\"09-19-2025\";i:1;s:10:\"09-20-2025\";i:2;s:10:\"09-21-2025\";i:2;s:10:\"09-25-2025\";i:1;s:10:\"09-26-2025\";i:2;s:10:\"09-27-2025\";i:1;s:10:\"09-29-2025\";i:2;s:10:\"10-01-2025\";i:1;s:10:\"10-02-2025\";i:2;s:10:\"10-09-2025\";i:1;s:10:\"10-11-2025\";i:1;s:10:\"10-16-2025\";i:2;s:10:\"10-17-2025\";i:1;s:10:\"10-20-2025\";i:1;s:10:\"10-28-2025\";i:1;s:10:\"11-12-2025\";i:1;s:10:\"11-21-2025\";i:1;s:10:\"11-26-2025\";i:1;s:10:\"12-24-2025\";i:1;s:10:\"12-30-2025\";i:1;s:10:\"01-08-2026\";i:1;s:10:\"01-11-2026\";i:1;s:10:\"01-26-2026\";i:1;s:10:\"02-09-2026\";i:1;s:10:\"02-12-2026\";i:1;s:10:\"02-27-2026\";i:1;s:10:\"04-05-2026\";i:1;s:10:\"04-16-2026\";i:1;}"],"houzez_recently_viewed":["2026-04-16 05:57:59"],"_elementor_page_assets":["a:0:{}"]},"yoast_head":"<!-- This site is optimized with the Yoast SEO plugin v27.4 - https:\/\/yoast.com\/product\/yoast-seo-wordpress\/ -->\n<title>Terreny en venda a Matadepera - Finques Argem\u00ed<\/title>\n<meta name=\"robots\" content=\"index, follow, max-snippet:-1, max-image-preview:large, max-video-preview:-1\" \/>\n<link rel=\"canonical\" href=\"https:\/\/finquesargemi.com\/ca\/propiedades\/terreny-en-venda-a-matadepera-3\/\" \/>\n<meta property=\"og:locale\" content=\"ca_ES\" \/>\n<meta property=\"og:type\" content=\"article\" \/>\n<meta property=\"og:title\" content=\"Terreny en venda a Matadepera - Finques Argem\u00ed\" \/>\n<meta property=\"og:description\" content=\"Magn\u00edfic terreny amb una fa\u00e7ana ampla de 36 m2 situat a la part mitjana de la Urbanitzaci\u00f3 i amb boniques vistes. No se&#8217;l deixi escapar!\" \/>\n<meta property=\"og:url\" content=\"https:\/\/finquesargemi.com\/ca\/propiedades\/terreny-en-venda-a-matadepera-3\/\" \/>\n<meta property=\"og:site_name\" content=\"Finques Argem\u00ed\" \/>\n<meta property=\"article:modified_time\" content=\"2025-01-17T17:09:53+00:00\" \/>\n<meta property=\"og:image\" content=\"https:\/\/finquesargemi.com\/wp-content\/uploads\/2025\/01\/20798IMG_2929.webp\" \/>\n\t<meta property=\"og:image:width\" content=\"2016\" \/>\n\t<meta property=\"og:image:height\" content=\"1512\" \/>\n\t<meta property=\"og:image:type\" content=\"image\/jpeg\" \/>\n<meta name=\"twitter:card\" content=\"summary_large_image\" \/>\n<script type=\"application\/ld+json\" class=\"yoast-schema-graph\">{\"@context\":\"https:\\\/\\\/schema.org\",\"@graph\":[{\"@type\":\"WebPage\",\"@id\":\"https:\\\/\\\/finquesargemi.com\\\/ca\\\/propiedades\\\/terreny-en-venda-a-matadepera-3\\\/\",\"url\":\"https:\\\/\\\/finquesargemi.com\\\/ca\\\/propiedades\\\/terreny-en-venda-a-matadepera-3\\\/\",\"name\":\"Terreny en venda a Matadepera - Finques Argem\u00ed\",\"isPartOf\":{\"@id\":\"https:\\\/\\\/finquesargemi.com\\\/ca\\\/#website\"},\"primaryImageOfPage\":{\"@id\":\"https:\\\/\\\/finquesargemi.com\\\/ca\\\/propiedades\\\/terreny-en-venda-a-matadepera-3\\\/#primaryimage\"},\"image\":{\"@id\":\"https:\\\/\\\/finquesargemi.com\\\/ca\\\/propiedades\\\/terreny-en-venda-a-matadepera-3\\\/#primaryimage\"},\"thumbnailUrl\":\"https:\\\/\\\/finquesargemi.com\\\/wp-content\\\/uploads\\\/2025\\\/01\\\/20798IMG_2929.webp\",\"datePublished\":\"2025-01-17T17:07:48+00:00\",\"dateModified\":\"2025-01-17T17:09:53+00:00\",\"breadcrumb\":{\"@id\":\"https:\\\/\\\/finquesargemi.com\\\/ca\\\/propiedades\\\/terreny-en-venda-a-matadepera-3\\\/#breadcrumb\"},\"inLanguage\":\"ca\",\"potentialAction\":[{\"@type\":\"ReadAction\",\"target\":[\"https:\\\/\\\/finquesargemi.com\\\/ca\\\/propiedades\\\/terreny-en-venda-a-matadepera-3\\\/\"]}]},{\"@type\":\"ImageObject\",\"inLanguage\":\"ca\",\"@id\":\"https:\\\/\\\/finquesargemi.com\\\/ca\\\/propiedades\\\/terreny-en-venda-a-matadepera-3\\\/#primaryimage\",\"url\":\"https:\\\/\\\/finquesargemi.com\\\/wp-content\\\/uploads\\\/2025\\\/01\\\/20798IMG_2929.webp\",\"contentUrl\":\"https:\\\/\\\/finquesargemi.com\\\/wp-content\\\/uploads\\\/2025\\\/01\\\/20798IMG_2929.webp\",\"width\":2016,\"height\":1512},{\"@type\":\"BreadcrumbList\",\"@id\":\"https:\\\/\\\/finquesargemi.com\\\/ca\\\/propiedades\\\/terreny-en-venda-a-matadepera-3\\\/#breadcrumb\",\"itemListElement\":[{\"@type\":\"ListItem\",\"position\":1,\"name\":\"Portada\",\"item\":\"https:\\\/\\\/finquesargemi.com\\\/ca\\\/\"},{\"@type\":\"ListItem\",\"position\":2,\"name\":\"Properties\",\"item\":\"https:\\\/\\\/finquesargemi.com\\\/ca\\\/propiedades\\\/\"},{\"@type\":\"ListItem\",\"position\":3,\"name\":\"Terreny en venda a Matadepera\"}]},{\"@type\":\"WebSite\",\"@id\":\"https:\\\/\\\/finquesargemi.com\\\/ca\\\/#website\",\"url\":\"https:\\\/\\\/finquesargemi.com\\\/ca\\\/\",\"name\":\"Finques Argem\u00ed\",\"description\":\"\",\"potentialAction\":[{\"@type\":\"SearchAction\",\"target\":{\"@type\":\"EntryPoint\",\"urlTemplate\":\"https:\\\/\\\/finquesargemi.com\\\/ca\\\/?s={search_term_string}\"},\"query-input\":{\"@type\":\"PropertyValueSpecification\",\"valueRequired\":true,\"valueName\":\"search_term_string\"}}],\"inLanguage\":\"ca\"}]}<\/script>\n<!-- \/ Yoast SEO plugin. -->","yoast_head_json":{"title":"Terreny en venda a Matadepera - Finques Argem\u00ed","robots":{"index":"index","follow":"follow","max-snippet":"max-snippet:-1","max-image-preview":"max-image-preview:large","max-video-preview":"max-video-preview:-1"},"canonical":"https:\/\/finquesargemi.com\/ca\/propiedades\/terreny-en-venda-a-matadepera-3\/","og_locale":"ca_ES","og_type":"article","og_title":"Terreny en venda a Matadepera - Finques Argem\u00ed","og_description":"Magn\u00edfic terreny amb una fa\u00e7ana ampla de 36 m2 situat a la part mitjana de la Urbanitzaci\u00f3 i amb boniques vistes. No se&#8217;l deixi escapar!","og_url":"https:\/\/finquesargemi.com\/ca\/propiedades\/terreny-en-venda-a-matadepera-3\/","og_site_name":"Finques Argem\u00ed","article_modified_time":"2025-01-17T17:09:53+00:00","og_image":[{"width":2016,"height":1512,"url":"https:\/\/finquesargemi.com\/wp-content\/uploads\/2025\/01\/20798IMG_2929.webp","type":"image\/jpeg"}],"twitter_card":"summary_large_image","schema":{"@context":"https:\/\/schema.org","@graph":[{"@type":"WebPage","@id":"https:\/\/finquesargemi.com\/ca\/propiedades\/terreny-en-venda-a-matadepera-3\/","url":"https:\/\/finquesargemi.com\/ca\/propiedades\/terreny-en-venda-a-matadepera-3\/","name":"Terreny en venda a Matadepera - Finques Argem\u00ed","isPartOf":{"@id":"https:\/\/finquesargemi.com\/ca\/#website"},"primaryImageOfPage":{"@id":"https:\/\/finquesargemi.com\/ca\/propiedades\/terreny-en-venda-a-matadepera-3\/#primaryimage"},"image":{"@id":"https:\/\/finquesargemi.com\/ca\/propiedades\/terreny-en-venda-a-matadepera-3\/#primaryimage"},"thumbnailUrl":"https:\/\/finquesargemi.com\/wp-content\/uploads\/2025\/01\/20798IMG_2929.webp","datePublished":"2025-01-17T17:07:48+00:00","dateModified":"2025-01-17T17:09:53+00:00","breadcrumb":{"@id":"https:\/\/finquesargemi.com\/ca\/propiedades\/terreny-en-venda-a-matadepera-3\/#breadcrumb"},"inLanguage":"ca","potentialAction":[{"@type":"ReadAction","target":["https:\/\/finquesargemi.com\/ca\/propiedades\/terreny-en-venda-a-matadepera-3\/"]}]},{"@type":"ImageObject","inLanguage":"ca","@id":"https:\/\/finquesargemi.com\/ca\/propiedades\/terreny-en-venda-a-matadepera-3\/#primaryimage","url":"https:\/\/finquesargemi.com\/wp-content\/uploads\/2025\/01\/20798IMG_2929.webp","contentUrl":"https:\/\/finquesargemi.com\/wp-content\/uploads\/2025\/01\/20798IMG_2929.webp","width":2016,"height":1512},{"@type":"BreadcrumbList","@id":"https:\/\/finquesargemi.com\/ca\/propiedades\/terreny-en-venda-a-matadepera-3\/#breadcrumb","itemListElement":[{"@type":"ListItem","position":1,"name":"Portada","item":"https:\/\/finquesargemi.com\/ca\/"},{"@type":"ListItem","position":2,"name":"Properties","item":"https:\/\/finquesargemi.com\/ca\/propiedades\/"},{"@type":"ListItem","position":3,"name":"Terreny en venda a Matadepera"}]},{"@type":"WebSite","@id":"https:\/\/finquesargemi.com\/ca\/#website","url":"https:\/\/finquesargemi.com\/ca\/","name":"Finques Argem\u00ed","description":"","potentialAction":[{"@type":"SearchAction","target":{"@type":"EntryPoint","urlTemplate":"https:\/\/finquesargemi.com\/ca\/?s={search_term_string}"},"query-input":{"@type":"PropertyValueSpecification","valueRequired":true,"valueName":"search_term_string"}}],"inLanguage":"ca"}]}},"_links":{"self":[{"href":"https:\/\/finquesargemi.com\/ca\/wp-json\/wp\/v2\/properties\/27005","targetHints":{"allow":["GET"]}}],"collection":[{"href":"https:\/\/finquesargemi.com\/ca\/wp-json\/wp\/v2\/properties"}],"about":[{"href":"https:\/\/finquesargemi.com\/ca\/wp-json\/wp\/v2\/types\/property"}],"author":[{"embeddable":true,"href":"https:\/\/finquesargemi.com\/ca\/wp-json\/wp\/v2\/users\/6"}],"version-history":[{"count":1,"href":"https:\/\/finquesargemi.com\/ca\/wp-json\/wp\/v2\/properties\/27005\/revisions"}],"predecessor-version":[{"id":27006,"href":"https:\/\/finquesargemi.com\/ca\/wp-json\/wp\/v2\/properties\/27005\/revisions\/27006"}],"wp:featuredmedia":[{"embeddable":true,"href":"https:\/\/finquesargemi.com\/ca\/wp-json\/wp\/v2\/media\/26995"}],"wp:attachment":[{"href":"https:\/\/finquesargemi.com\/ca\/wp-json\/wp\/v2\/media?parent=27005"}],"wp:term":[{"taxonomy":"property_type","embeddable":true,"href":"https:\/\/finquesargemi.com\/ca\/wp-json\/wp\/v2\/property_type?post=27005"},{"taxonomy":"property_status","embeddable":true,"href":"https:\/\/finquesargemi.com\/ca\/wp-json\/wp\/v2\/property_status?post=27005"},{"taxonomy":"property_feature","embeddable":true,"href":"https:\/\/finquesargemi.com\/ca\/wp-json\/wp\/v2\/property_feature?post=27005"},{"taxonomy":"property_label","embeddable":true,"href":"https:\/\/finquesargemi.com\/ca\/wp-json\/wp\/v2\/property_label?post=27005"},{"taxonomy":"property_state","embeddable":true,"href":"https:\/\/finquesargemi.com\/ca\/wp-json\/wp\/v2\/property_state?post=27005"},{"taxonomy":"property_city","embeddable":true,"href":"https:\/\/finquesargemi.com\/ca\/wp-json\/wp\/v2\/property_city?post=27005"},{"taxonomy":"property_area","embeddable":true,"href":"https:\/\/finquesargemi.com\/ca\/wp-json\/wp\/v2\/property_area?post=27005"}],"curies":[{"name":"wp","href":"https:\/\/api.w.org\/{rel}","templated":true}]}}

<p>Magnífic terreny amb una façana ampla de 36 m2 situat a la part mitjana de la Urbanització i amb boniques vistes. No se&#8217;l deixi escapar!</p>

<!-- This site is optimized with the Yoast SEO plugin v27.4 - https://yoast.com/product/yoast-seo-wordpress/ -->
<title>Terreny en venda a Matadepera - Finques Argemí</title>
<meta name="robots" content="index, follow, max-snippet:-1, max-image-preview:large, max-video-preview:-1" />
<link rel="canonical" href="https://finquesargemi.com/ca/propiedades/terreny-en-venda-a-matadepera-3/" />
<meta property="og:locale" content="ca_ES" />
<meta property="og:type" content="article" />
<meta property="og:title" content="Terreny en venda a Matadepera - Finques Argemí" />
<meta property="og:description" content="Magnífic terreny amb una façana ampla de 36 m2 situat a la part mitjana de la Urbanització i amb boniques vistes. No se&#8217;l deixi escapar!" />
<meta property="og:url" content="https://finquesargemi.com/ca/propiedades/terreny-en-venda-a-matadepera-3/" />
<meta property="og:site_name" content="Finques Argemí" />
<meta property="article:modified_time" content="2025-01-17T17:09:53+00:00" />
<meta property="og:image" content="https://finquesargemi.com/wp-content/uploads/2025/01/20798IMG_2929.webp" />
	<meta property="og:image:width" content="2016" />
	<meta property="og:image:height" content="1512" />
	<meta property="og:image:type" content="image/jpeg" />
<meta name="twitter:card" content="summary_large_image" />
<script type="application/ld+json" class="yoast-schema-graph">{"@context":"https:\/\/schema.org","@graph":[{"@type":"WebPage","@id":"https:\/\/finquesargemi.com\/ca\/propiedades\/terreny-en-venda-a-matadepera-3\/","url":"https:\/\/finquesargemi.com\/ca\/propiedades\/terreny-en-venda-a-matadepera-3\/","name":"Terreny en venda a Matadepera - Finques Argemí","isPartOf":{"@id":"https:\/\/finquesargemi.com\/ca\/#website"},"primaryImageOfPage":{"@id":"https:\/\/finquesargemi.com\/ca\/propiedades\/terreny-en-venda-a-matadepera-3\/#primaryimage"},"image":{"@id":"https:\/\/finquesargemi.com\/ca\/propiedades\/terreny-en-venda-a-matadepera-3\/#primaryimage"},"thumbnailUrl":"https:\/\/finquesargemi.com\/wp-content\/uploads\/2025\/01\/20798IMG_2929.webp","datePublished":"2025-01-17T17:07:48+00:00","dateModified":"2025-01-17T17:09:53+00:00","breadcrumb":{"@id":"https:\/\/finquesargemi.com\/ca\/propiedades\/terreny-en-venda-a-matadepera-3\/#breadcrumb"},"inLanguage":"ca","potentialAction":[{"@type":"ReadAction","target":["https:\/\/finquesargemi.com\/ca\/propiedades\/terreny-en-venda-a-matadepera-3\/"]}]},{"@type":"ImageObject","inLanguage":"ca","@id":"https:\/\/finquesargemi.com\/ca\/propiedades\/terreny-en-venda-a-matadepera-3\/#primaryimage","url":"https:\/\/finquesargemi.com\/wp-content\/uploads\/2025\/01\/20798IMG_2929.webp","contentUrl":"https:\/\/finquesargemi.com\/wp-content\/uploads\/2025\/01\/20798IMG_2929.webp","width":2016,"height":1512},{"@type":"BreadcrumbList","@id":"https:\/\/finquesargemi.com\/ca\/propiedades\/terreny-en-venda-a-matadepera-3\/#breadcrumb","itemListElement":[{"@type":"ListItem","position":1,"name":"Portada","item":"https:\/\/finquesargemi.com\/ca\/"},{"@type":"ListItem","position":2,"name":"Properties","item":"https:\/\/finquesargemi.com\/ca\/propiedades\/"},{"@type":"ListItem","position":3,"name":"Terreny en venda a Matadepera"}]},{"@type":"WebSite","@id":"https:\/\/finquesargemi.com\/ca\/#website","url":"https:\/\/finquesargemi.com\/ca\/","name":"Finques Argemí","description":"","potentialAction":[{"@type":"SearchAction","target":{"@type":"EntryPoint","urlTemplate":"https:\/\/finquesargemi.com\/ca\/?s={search_term_string}"},"query-input":{"@type":"PropertyValueSpecification","valueRequired":true,"valueName":"search_term_string"}}],"inLanguage":"ca"}]}</script>
<!-- / Yoast SEO plugin. -->

Terreny en venda a Matadepera - Finques Argemí

Magnífic terreny amb una façana ampla de 36 m2 situat a la part mitjana de la Urbanització i amb boniques vistes. No se&#8217;l deixi escapar!

Finques Argemí
